{"id":6275,"date":"2023-02-20T19:11:21","date_gmt":"2023-02-20T18:11:21","guid":{"rendered":"https:\/\/www.marinasbrest.fr\/?post_type=cpt_evenements&#038;p=6275"},"modified":"2023-02-20T19:13:39","modified_gmt":"2023-02-20T18:13:39","slug":"three-masted-sailing-ship-le-francais-calling-at-brest","status":"publish","type":"cpt_evenements","link":"https:\/\/www.marinasbrest.fr\/en\/all-events\/three-masted-sailing-ship-le-francais-calling-at-brest\/","title":{"rendered":"Three masted sailing ship le Fran\u00e7ais calling at Brest"},"content":{"rendered":"\n<p>The three-master ship Le Fran\u00e7ais will be calling at the Ch\u00e2teau Marina along La P\u00e9rouse dike. Usually moored in Saint-Malo, this is a great opportunity for evrybody to come and discover this magnificent sailing ship. All information on Le Fran\u00e7ais here.<\/p>\n","protected":false},"excerpt":{"rendered":"","protected":false},"author":1,"featured_media":6174,"parent":0,"template":"","taxo_tags_events":[],"class_list":["post-6275","cpt_evenements","type-cpt_evenements","status-publish","has-post-thumbnail","hentry"],"acf":[],"yoast_head":"<!-- This site is optimized with the Yoast SEO plugin v27.4 - https:\/\/yoast.com\/product\/yoast-seo-wordpress\/ -->\n<title>Three masted sailing ship le Fran\u00e7ais calling at Brest - Brest Marinas<\/title>\n<meta name=\"robots\" content=\"index, follow, max-snippet:-1, max-image-preview:large, max-video-preview:-1\" \/>\n<link rel=\"canonical\" href=\"https:\/\/www.marinasbrest.fr\/en\/all-events\/three-masted-sailing-ship-le-francais-calling-at-brest\/\" \/>\n<meta property=\"og:locale\" content=\"en_US\" \/>\n<meta property=\"og:type\" content=\"article\" \/>\n<meta property=\"og:title\" content=\"Three masted sailing ship le Fran\u00e7ais calling at Brest - Brest Marinas\" \/>\n<meta property=\"og:url\" content=\"https:\/\/www.marinasbrest.fr\/en\/all-events\/three-masted-sailing-ship-le-francais-calling-at-brest\/\" \/>\n<meta property=\"og:site_name\" content=\"Brest Marinas\" \/>\n<meta property=\"article:publisher\" content=\"https:\/\/www.facebook.com\/marinasbrest\/\" \/>\n<meta property=\"article:modified_time\" content=\"2023-02-20T18:13:39+00:00\" \/>\n<meta property=\"og:image\" content=\"https:\/\/www.marinasbrest.fr\/wp-content\/uploads\/2022\/10\/Le-Francais.jpg\" \/>\n\t<meta property=\"og:image:width\" content=\"1080\" \/>\n\t<meta property=\"og:image:height\" content=\"525\" \/>\n\t<meta property=\"og:image:type\" content=\"image\/jpeg\" \/>\n<meta name=\"twitter:card\" content=\"summary_large_image\" \/>\n<meta name=\"twitter:label1\" content=\"Est. reading time\" \/>\n\t<meta name=\"twitter:data1\" content=\"1 minute\" \/>\n<script type=\"application\/ld+json\" class=\"yoast-schema-graph\">{\"@context\":\"https:\\\/\\\/schema.org\",\"@graph\":[{\"@type\":\"WebPage\",\"@id\":\"https:\\\/\\\/www.marinasbrest.fr\\\/en\\\/all-events\\\/three-masted-sailing-ship-le-francais-calling-at-brest\\\/\",\"url\":\"https:\\\/\\\/www.marinasbrest.fr\\\/en\\\/all-events\\\/three-masted-sailing-ship-le-francais-calling-at-brest\\\/\",\"name\":\"Three masted sailing ship le Fran\u00e7ais calling at Brest - Brest Marinas\",\"isPartOf\":{\"@id\":\"https:\\\/\\\/www.marinasbrest.fr\\\/en\\\/#website\"},\"primaryImageOfPage\":{\"@id\":\"https:\\\/\\\/www.marinasbrest.fr\\\/en\\\/all-events\\\/three-masted-sailing-ship-le-francais-calling-at-brest\\\/#primaryimage\"},\"image\":{\"@id\":\"https:\\\/\\\/www.marinasbrest.fr\\\/en\\\/all-events\\\/three-masted-sailing-ship-le-francais-calling-at-brest\\\/#primaryimage\"},\"thumbnailUrl\":\"https:\\\/\\\/www.marinasbrest.fr\\\/wp-content\\\/uploads\\\/2022\\\/10\\\/Le-Francais.jpg\",\"datePublished\":\"2023-02-20T18:11:21+00:00\",\"dateModified\":\"2023-02-20T18:13:39+00:00\",\"breadcrumb\":{\"@id\":\"https:\\\/\\\/www.marinasbrest.fr\\\/en\\\/all-events\\\/three-masted-sailing-ship-le-francais-calling-at-brest\\\/#breadcrumb\"},\"inLanguage\":\"en-US\",\"potentialAction\":[{\"@type\":\"ReadAction\",\"target\":[\"https:\\\/\\\/www.marinasbrest.fr\\\/en\\\/all-events\\\/three-masted-sailing-ship-le-francais-calling-at-brest\\\/\"]}]},{\"@type\":\"ImageObject\",\"inLanguage\":\"en-US\",\"@id\":\"https:\\\/\\\/www.marinasbrest.fr\\\/en\\\/all-events\\\/three-masted-sailing-ship-le-francais-calling-at-brest\\\/#primaryimage\",\"url\":\"https:\\\/\\\/www.marinasbrest.fr\\\/wp-content\\\/uploads\\\/2022\\\/10\\\/Le-Francais.jpg\",\"contentUrl\":\"https:\\\/\\\/www.marinasbrest.fr\\\/wp-content\\\/uploads\\\/2022\\\/10\\\/Le-Francais.jpg\",\"width\":1080,\"height\":525},{\"@type\":\"BreadcrumbList\",\"@id\":\"https:\\\/\\\/www.marinasbrest.fr\\\/en\\\/all-events\\\/three-masted-sailing-ship-le-francais-calling-at-brest\\\/#breadcrumb\",\"itemListElement\":[{\"@type\":\"ListItem\",\"position\":1,\"name\":\"Accueil\",\"item\":\"https:\\\/\\\/www.marinasbrest.fr\\\/en\\\/\"},{\"@type\":\"ListItem\",\"position\":2,\"name\":\"Three masted sailing ship le Fran\u00e7ais calling at Brest\"}]},{\"@type\":\"WebSite\",\"@id\":\"https:\\\/\\\/www.marinasbrest.fr\\\/en\\\/#website\",\"url\":\"https:\\\/\\\/www.marinasbrest.fr\\\/en\\\/\",\"name\":\"Brest Marinas\",\"description\":\"Deux marinas pour votre escale dans l&#039;une des plus belles rades du Monde\",\"publisher\":{\"@id\":\"https:\\\/\\\/www.marinasbrest.fr\\\/en\\\/#organization\"},\"potentialAction\":[{\"@type\":\"SearchAction\",\"target\":{\"@type\":\"EntryPoint\",\"urlTemplate\":\"https:\\\/\\\/www.marinasbrest.fr\\\/en\\\/?s={search_term_string}\"},\"query-input\":{\"@type\":\"PropertyValueSpecification\",\"valueRequired\":true,\"valueName\":\"search_term_string\"}}],\"inLanguage\":\"en-US\"},{\"@type\":\"Organization\",\"@id\":\"https:\\\/\\\/www.marinasbrest.fr\\\/en\\\/#organization\",\"name\":\"Les Marinas de Brest\",\"url\":\"https:\\\/\\\/www.marinasbrest.fr\\\/en\\\/\",\"logo\":{\"@type\":\"ImageObject\",\"inLanguage\":\"en-US\",\"@id\":\"https:\\\/\\\/www.marinasbrest.fr\\\/en\\\/#\\\/schema\\\/logo\\\/image\\\/\",\"url\":\"https:\\\/\\\/www.marinasbrest.fr\\\/wp-content\\\/uploads\\\/2021\\\/11\\\/logo.png\",\"contentUrl\":\"https:\\\/\\\/www.marinasbrest.fr\\\/wp-content\\\/uploads\\\/2021\\\/11\\\/logo.png\",\"width\":484,\"height\":484,\"caption\":\"Les Marinas de Brest\"},\"image\":{\"@id\":\"https:\\\/\\\/www.marinasbrest.fr\\\/en\\\/#\\\/schema\\\/logo\\\/image\\\/\"},\"sameAs\":[\"https:\\\/\\\/www.facebook.com\\\/marinasbrest\\\/\"]}]}<\/script>\n<!-- \/ Yoast SEO plugin. -->","yoast_head_json":{"title":"Three masted sailing ship le Fran\u00e7ais calling at Brest - Brest Marinas","robots":{"index":"index","follow":"follow","max-snippet":"max-snippet:-1","max-image-preview":"max-image-preview:large","max-video-preview":"max-video-preview:-1"},"canonical":"https:\/\/www.marinasbrest.fr\/en\/all-events\/three-masted-sailing-ship-le-francais-calling-at-brest\/","og_locale":"en_US","og_type":"article","og_title":"Three masted sailing ship le Fran\u00e7ais calling at Brest - Brest Marinas","og_url":"https:\/\/www.marinasbrest.fr\/en\/all-events\/three-masted-sailing-ship-le-francais-calling-at-brest\/","og_site_name":"Brest Marinas","article_publisher":"https:\/\/www.facebook.com\/marinasbrest\/","article_modified_time":"2023-02-20T18:13:39+00:00","og_image":[{"width":1080,"height":525,"url":"https:\/\/www.marinasbrest.fr\/wp-content\/uploads\/2022\/10\/Le-Francais.jpg","type":"image\/jpeg"}],"twitter_card":"summary_large_image","twitter_misc":{"Est. reading time":"1 minute"},"schema":{"@context":"https:\/\/schema.org","@graph":[{"@type":"WebPage","@id":"https:\/\/www.marinasbrest.fr\/en\/all-events\/three-masted-sailing-ship-le-francais-calling-at-brest\/","url":"https:\/\/www.marinasbrest.fr\/en\/all-events\/three-masted-sailing-ship-le-francais-calling-at-brest\/","name":"Three masted sailing ship le Fran\u00e7ais calling at Brest - Brest Marinas","isPartOf":{"@id":"https:\/\/www.marinasbrest.fr\/en\/#website"},"primaryImageOfPage":{"@id":"https:\/\/www.marinasbrest.fr\/en\/all-events\/three-masted-sailing-ship-le-francais-calling-at-brest\/#primaryimage"},"image":{"@id":"https:\/\/www.marinasbrest.fr\/en\/all-events\/three-masted-sailing-ship-le-francais-calling-at-brest\/#primaryimage"},"thumbnailUrl":"https:\/\/www.marinasbrest.fr\/wp-content\/uploads\/2022\/10\/Le-Francais.jpg","datePublished":"2023-02-20T18:11:21+00:00","dateModified":"2023-02-20T18:13:39+00:00","breadcrumb":{"@id":"https:\/\/www.marinasbrest.fr\/en\/all-events\/three-masted-sailing-ship-le-francais-calling-at-brest\/#breadcrumb"},"inLanguage":"en-US","potentialAction":[{"@type":"ReadAction","target":["https:\/\/www.marinasbrest.fr\/en\/all-events\/three-masted-sailing-ship-le-francais-calling-at-brest\/"]}]},{"@type":"ImageObject","inLanguage":"en-US","@id":"https:\/\/www.marinasbrest.fr\/en\/all-events\/three-masted-sailing-ship-le-francais-calling-at-brest\/#primaryimage","url":"https:\/\/www.marinasbrest.fr\/wp-content\/uploads\/2022\/10\/Le-Francais.jpg","contentUrl":"https:\/\/www.marinasbrest.fr\/wp-content\/uploads\/2022\/10\/Le-Francais.jpg","width":1080,"height":525},{"@type":"BreadcrumbList","@id":"https:\/\/www.marinasbrest.fr\/en\/all-events\/three-masted-sailing-ship-le-francais-calling-at-brest\/#breadcrumb","itemListElement":[{"@type":"ListItem","position":1,"name":"Accueil","item":"https:\/\/www.marinasbrest.fr\/en\/"},{"@type":"ListItem","position":2,"name":"Three masted sailing ship le Fran\u00e7ais calling at Brest"}]},{"@type":"WebSite","@id":"https:\/\/www.marinasbrest.fr\/en\/#website","url":"https:\/\/www.marinasbrest.fr\/en\/","name":"Brest Marinas","description":"Deux marinas pour votre escale dans l&#039;une des plus belles rades du Monde","publisher":{"@id":"https:\/\/www.marinasbrest.fr\/en\/#organization"},"potentialAction":[{"@type":"SearchAction","target":{"@type":"EntryPoint","urlTemplate":"https:\/\/www.marinasbrest.fr\/en\/?s={search_term_string}"},"query-input":{"@type":"PropertyValueSpecification","valueRequired":true,"valueName":"search_term_string"}}],"inLanguage":"en-US"},{"@type":"Organization","@id":"https:\/\/www.marinasbrest.fr\/en\/#organization","name":"Les Marinas de Brest","url":"https:\/\/www.marinasbrest.fr\/en\/","logo":{"@type":"ImageObject","inLanguage":"en-US","@id":"https:\/\/www.marinasbrest.fr\/en\/#\/schema\/logo\/image\/","url":"https:\/\/www.marinasbrest.fr\/wp-content\/uploads\/2021\/11\/logo.png","contentUrl":"https:\/\/www.marinasbrest.fr\/wp-content\/uploads\/2021\/11\/logo.png","width":484,"height":484,"caption":"Les Marinas de Brest"},"image":{"@id":"https:\/\/www.marinasbrest.fr\/en\/#\/schema\/logo\/image\/"},"sameAs":["https:\/\/www.facebook.com\/marinasbrest\/"]}]}},"_links":{"self":[{"href":"https:\/\/www.marinasbrest.fr\/en\/wp-json\/wp\/v2\/cpt_evenements\/6275","targetHints":{"allow":["GET"]}}],"collection":[{"href":"https:\/\/www.marinasbrest.fr\/en\/wp-json\/wp\/v2\/cpt_evenements"}],"about":[{"href":"https:\/\/www.marinasbrest.fr\/en\/wp-json\/wp\/v2\/types\/cpt_evenements"}],"author":[{"embeddable":true,"href":"https:\/\/www.marinasbrest.fr\/en\/wp-json\/wp\/v2\/users\/1"}],"version-history":[{"count":2,"href":"https:\/\/www.marinasbrest.fr\/en\/wp-json\/wp\/v2\/cpt_evenements\/6275\/revisions"}],"predecessor-version":[{"id":6277,"href":"https:\/\/www.marinasbrest.fr\/en\/wp-json\/wp\/v2\/cpt_evenements\/6275\/revisions\/6277"}],"wp:featuredmedia":[{"embeddable":true,"href":"https:\/\/www.marinasbrest.fr\/en\/wp-json\/wp\/v2\/media\/6174"}],"wp:attachment":[{"href":"https:\/\/www.marinasbrest.fr\/en\/wp-json\/wp\/v2\/media?parent=6275"}],"wp:term":[{"taxonomy":"taxo_tags_events","embeddable":true,"href":"https:\/\/www.marinasbrest.fr\/en\/wp-json\/wp\/v2\/taxo_tags_events?post=6275"}],"curies":[{"name":"wp","href":"https:\/\/api.w.org\/{rel}","templated":true}]}}

Three masted sailing ship le Français calling at Brest

<p>The three-master ship Le Français will be calling at the Château Marina along La Pérouse dike. Usually moored in Saint-Malo, this is a great opportunity for evrybody to come and discover this magnificent sailing ship. All information on Le Français here.</p>

<!-- This site is optimized with the Yoast SEO plugin v27.4 - https://yoast.com/product/yoast-seo-wordpress/ -->
<title>Three masted sailing ship le Français calling at Brest - Brest Marinas</title>
<meta name="robots" content="index, follow, max-snippet:-1, max-image-preview:large, max-video-preview:-1" />
<link rel="canonical" href="https://www.marinasbrest.fr/en/all-events/three-masted-sailing-ship-le-francais-calling-at-brest/" />
<meta property="og:locale" content="en_US" />
<meta property="og:type" content="article" />
<meta property="og:title" content="Three masted sailing ship le Français calling at Brest - Brest Marinas" />
<meta property="og:url" content="https://www.marinasbrest.fr/en/all-events/three-masted-sailing-ship-le-francais-calling-at-brest/" />
<meta property="og:site_name" content="Brest Marinas" />
<meta property="article:publisher" content="https://www.facebook.com/marinasbrest/" />
<meta property="article:modified_time" content="2023-02-20T18:13:39+00:00" />
<meta property="og:image" content="https://www.marinasbrest.fr/wp-content/uploads/2022/10/Le-Francais.jpg" />
	<meta property="og:image:width" content="1080" />
	<meta property="og:image:height" content="525" />
	<meta property="og:image:type" content="image/jpeg" />
<meta name="twitter:card" content="summary_large_image" />
<meta name="twitter:label1" content="Est. reading time" />
	<meta name="twitter:data1" content="1 minute" />
<script type="application/ld+json" class="yoast-schema-graph">{"@context":"https:\/\/schema.org","@graph":[{"@type":"WebPage","@id":"https:\/\/www.marinasbrest.fr\/en\/all-events\/three-masted-sailing-ship-le-francais-calling-at-brest\/","url":"https:\/\/www.marinasbrest.fr\/en\/all-events\/three-masted-sailing-ship-le-francais-calling-at-brest\/","name":"Three masted sailing ship le Français calling at Brest - Brest Marinas","isPartOf":{"@id":"https:\/\/www.marinasbrest.fr\/en\/#website"},"primaryImageOfPage":{"@id":"https:\/\/www.marinasbrest.fr\/en\/all-events\/three-masted-sailing-ship-le-francais-calling-at-brest\/#primaryimage"},"image":{"@id":"https:\/\/www.marinasbrest.fr\/en\/all-events\/three-masted-sailing-ship-le-francais-calling-at-brest\/#primaryimage"},"thumbnailUrl":"https:\/\/www.marinasbrest.fr\/wp-content\/uploads\/2022\/10\/Le-Francais.jpg","datePublished":"2023-02-20T18:11:21+00:00","dateModified":"2023-02-20T18:13:39+00:00","breadcrumb":{"@id":"https:\/\/www.marinasbrest.fr\/en\/all-events\/three-masted-sailing-ship-le-francais-calling-at-brest\/#breadcrumb"},"inLanguage":"en-US","potentialAction":[{"@type":"ReadAction","target":["https:\/\/www.marinasbrest.fr\/en\/all-events\/three-masted-sailing-ship-le-francais-calling-at-brest\/"]}]},{"@type":"ImageObject","inLanguage":"en-US","@id":"https:\/\/www.marinasbrest.fr\/en\/all-events\/three-masted-sailing-ship-le-francais-calling-at-brest\/#primaryimage","url":"https:\/\/www.marinasbrest.fr\/wp-content\/uploads\/2022\/10\/Le-Francais.jpg","contentUrl":"https:\/\/www.marinasbrest.fr\/wp-content\/uploads\/2022\/10\/Le-Francais.jpg","width":1080,"height":525},{"@type":"BreadcrumbList","@id":"https:\/\/www.marinasbrest.fr\/en\/all-events\/three-masted-sailing-ship-le-francais-calling-at-brest\/#breadcrumb","itemListElement":[{"@type":"ListItem","position":1,"name":"Accueil","item":"https:\/\/www.marinasbrest.fr\/en\/"},{"@type":"ListItem","position":2,"name":"Three masted sailing ship le Français calling at Brest"}]},{"@type":"WebSite","@id":"https:\/\/www.marinasbrest.fr\/en\/#website","url":"https:\/\/www.marinasbrest.fr\/en\/","name":"Brest Marinas","description":"Deux marinas pour votre escale dans l&#039;une des plus belles rades du Monde","publisher":{"@id":"https:\/\/www.marinasbrest.fr\/en\/#organization"},"potentialAction":[{"@type":"SearchAction","target":{"@type":"EntryPoint","urlTemplate":"https:\/\/www.marinasbrest.fr\/en\/?s={search_term_string}"},"query-input":{"@type":"PropertyValueSpecification","valueRequired":true,"valueName":"search_term_string"}}],"inLanguage":"en-US"},{"@type":"Organization","@id":"https:\/\/www.marinasbrest.fr\/en\/#organization","name":"Les Marinas de Brest","url":"https:\/\/www.marinasbrest.fr\/en\/","logo":{"@type":"ImageObject","inLanguage":"en-US","@id":"https:\/\/www.marinasbrest.fr\/en\/#\/schema\/logo\/image\/","url":"https:\/\/www.marinasbrest.fr\/wp-content\/uploads\/2021\/11\/logo.png","contentUrl":"https:\/\/www.marinasbrest.fr\/wp-content\/uploads\/2021\/11\/logo.png","width":484,"height":484,"caption":"Les Marinas de Brest"},"image":{"@id":"https:\/\/www.marinasbrest.fr\/en\/#\/schema\/logo\/image\/"},"sameAs":["https:\/\/www.facebook.com\/marinasbrest\/"]}]}</script>
<!-- / Yoast SEO plugin. -->

Three masted sailing ship le Français calling at Brest - Brest Marinas
