{"id":5300,"date":"2022-10-28T11:39:27","date_gmt":"2022-10-28T09:39:27","guid":{"rendered":"https:\/\/www.marinasbrest.fr\/?post_type=cpt_evenements&#038;p=5300"},"modified":"2022-10-28T11:39:29","modified_gmt":"2022-10-28T09:39:29","slug":"fin-des-restrictions-concernant-lusage-de-leau","status":"publish","type":"cpt_evenements","link":"https:\/\/www.marinasbrest.fr\/en\/all-events\/fin-des-restrictions-concernant-lusage-de-leau\/","title":{"rendered":"Fin des restrictions concernant l'usage de l'eau"},"content":{"rendered":"\n<p>Les pr\u00e9cipitations depuis le d\u00e9but du mois de septembre et plus particuli\u00e8rement des 15 derniers jours ont permis d\u2019am\u00e9liorer significativement le d\u00e9bit des cours d\u2019eau du d\u00e9partement et d\u2019augmenter l\u2019humidit\u00e9 des sols.<\/p>\n\n\n\n<p>Dans ce contexte, le Pr\u00e9fet du Finist\u00e8re, apr\u00e8s avis des membres du comit\u00e9 de gestion de la ressource en eau, a d\u00e9cid\u00e9 de&nbsp;<strong>lever l\u2019ensemble des mesures de restriction des usages de l\u2019eau en vigueur dans le d\u00e9partement.<\/strong><\/p>\n\n\n\n<p>Le pr\u00e9fet rappelle que l\u2019\u00e9conomie d\u2019eau doit \u00eatre un souci quotidien pour l\u2019ensemble des usagers du d\u00e9partement. Chacun peut adopter tout au long de l\u2019ann\u00e9e des gestes simples permettant de r\u00e9duire sa consommation d\u2019eau.<\/p>\n","protected":false},"excerpt":{"rendered":"","protected":false},"author":4,"featured_media":5301,"parent":0,"template":"","taxo_tags_events":[],"class_list":["post-5300","cpt_evenements","type-cpt_evenements","status-publish","has-post-thumbnail","hentry"],"acf":[],"yoast_head":"<!-- This site is optimized with the Yoast SEO plugin v27.4 - https:\/\/yoast.com\/product\/yoast-seo-wordpress\/ -->\n<title>Fin des restrictions concernant l&#039;usage de l&#039;eau - Brest Marinas<\/title>\n<meta name=\"robots\" content=\"index, follow, max-snippet:-1, max-image-preview:large, max-video-preview:-1\" \/>\n<link rel=\"canonical\" href=\"https:\/\/www.marinasbrest.fr\/en\/all-events\/fin-des-restrictions-concernant-lusage-de-leau\/\" \/>\n<meta property=\"og:locale\" content=\"en_US\" \/>\n<meta property=\"og:type\" content=\"article\" \/>\n<meta property=\"og:title\" content=\"Fin des restrictions concernant l&#039;usage de l&#039;eau - Brest Marinas\" \/>\n<meta property=\"og:url\" content=\"https:\/\/www.marinasbrest.fr\/en\/all-events\/fin-des-restrictions-concernant-lusage-de-leau\/\" \/>\n<meta property=\"og:site_name\" content=\"Brest Marinas\" \/>\n<meta property=\"article:publisher\" content=\"https:\/\/www.facebook.com\/marinasbrest\/\" \/>\n<meta property=\"article:modified_time\" content=\"2022-10-28T09:39:29+00:00\" \/>\n<meta property=\"og:image\" content=\"https:\/\/www.marinasbrest.fr\/wp-content\/uploads\/2022\/10\/Fin-des-restrictions-deau.png\" \/>\n\t<meta property=\"og:image:width\" content=\"336\" \/>\n\t<meta property=\"og:image:height\" content=\"189\" \/>\n\t<meta property=\"og:image:type\" content=\"image\/png\" \/>\n<meta name=\"twitter:card\" content=\"summary_large_image\" \/>\n<meta name=\"twitter:label1\" content=\"Est. reading time\" \/>\n\t<meta name=\"twitter:data1\" content=\"1 minute\" \/>\n<script type=\"application\/ld+json\" class=\"yoast-schema-graph\">{\"@context\":\"https:\\\/\\\/schema.org\",\"@graph\":[{\"@type\":\"WebPage\",\"@id\":\"https:\\\/\\\/www.marinasbrest.fr\\\/en\\\/all-events\\\/fin-des-restrictions-concernant-lusage-de-leau\\\/\",\"url\":\"https:\\\/\\\/www.marinasbrest.fr\\\/en\\\/all-events\\\/fin-des-restrictions-concernant-lusage-de-leau\\\/\",\"name\":\"Fin des restrictions concernant l'usage de l'eau - Brest Marinas\",\"isPartOf\":{\"@id\":\"https:\\\/\\\/www.marinasbrest.fr\\\/en\\\/#website\"},\"primaryImageOfPage\":{\"@id\":\"https:\\\/\\\/www.marinasbrest.fr\\\/en\\\/all-events\\\/fin-des-restrictions-concernant-lusage-de-leau\\\/#primaryimage\"},\"image\":{\"@id\":\"https:\\\/\\\/www.marinasbrest.fr\\\/en\\\/all-events\\\/fin-des-restrictions-concernant-lusage-de-leau\\\/#primaryimage\"},\"thumbnailUrl\":\"https:\\\/\\\/www.marinasbrest.fr\\\/wp-content\\\/uploads\\\/2022\\\/10\\\/Fin-des-restrictions-deau.png\",\"datePublished\":\"2022-10-28T09:39:27+00:00\",\"dateModified\":\"2022-10-28T09:39:29+00:00\",\"breadcrumb\":{\"@id\":\"https:\\\/\\\/www.marinasbrest.fr\\\/en\\\/all-events\\\/fin-des-restrictions-concernant-lusage-de-leau\\\/#breadcrumb\"},\"inLanguage\":\"en-US\",\"potentialAction\":[{\"@type\":\"ReadAction\",\"target\":[\"https:\\\/\\\/www.marinasbrest.fr\\\/en\\\/all-events\\\/fin-des-restrictions-concernant-lusage-de-leau\\\/\"]}]},{\"@type\":\"ImageObject\",\"inLanguage\":\"en-US\",\"@id\":\"https:\\\/\\\/www.marinasbrest.fr\\\/en\\\/all-events\\\/fin-des-restrictions-concernant-lusage-de-leau\\\/#primaryimage\",\"url\":\"https:\\\/\\\/www.marinasbrest.fr\\\/wp-content\\\/uploads\\\/2022\\\/10\\\/Fin-des-restrictions-deau.png\",\"contentUrl\":\"https:\\\/\\\/www.marinasbrest.fr\\\/wp-content\\\/uploads\\\/2022\\\/10\\\/Fin-des-restrictions-deau.png\",\"width\":336,\"height\":189},{\"@type\":\"BreadcrumbList\",\"@id\":\"https:\\\/\\\/www.marinasbrest.fr\\\/en\\\/all-events\\\/fin-des-restrictions-concernant-lusage-de-leau\\\/#breadcrumb\",\"itemListElement\":[{\"@type\":\"ListItem\",\"position\":1,\"name\":\"Accueil\",\"item\":\"https:\\\/\\\/www.marinasbrest.fr\\\/en\\\/\"},{\"@type\":\"ListItem\",\"position\":2,\"name\":\"Fin des restrictions concernant l'usage de l'eau\"}]},{\"@type\":\"WebSite\",\"@id\":\"https:\\\/\\\/www.marinasbrest.fr\\\/en\\\/#website\",\"url\":\"https:\\\/\\\/www.marinasbrest.fr\\\/en\\\/\",\"name\":\"Brest Marinas\",\"description\":\"Deux marinas pour votre escale dans l&#039;une des plus belles rades du Monde\",\"publisher\":{\"@id\":\"https:\\\/\\\/www.marinasbrest.fr\\\/en\\\/#organization\"},\"potentialAction\":[{\"@type\":\"SearchAction\",\"target\":{\"@type\":\"EntryPoint\",\"urlTemplate\":\"https:\\\/\\\/www.marinasbrest.fr\\\/en\\\/?s={search_term_string}\"},\"query-input\":{\"@type\":\"PropertyValueSpecification\",\"valueRequired\":true,\"valueName\":\"search_term_string\"}}],\"inLanguage\":\"en-US\"},{\"@type\":\"Organization\",\"@id\":\"https:\\\/\\\/www.marinasbrest.fr\\\/en\\\/#organization\",\"name\":\"Les Marinas de Brest\",\"url\":\"https:\\\/\\\/www.marinasbrest.fr\\\/en\\\/\",\"logo\":{\"@type\":\"ImageObject\",\"inLanguage\":\"en-US\",\"@id\":\"https:\\\/\\\/www.marinasbrest.fr\\\/en\\\/#\\\/schema\\\/logo\\\/image\\\/\",\"url\":\"https:\\\/\\\/www.marinasbrest.fr\\\/wp-content\\\/uploads\\\/2021\\\/11\\\/logo.png\",\"contentUrl\":\"https:\\\/\\\/www.marinasbrest.fr\\\/wp-content\\\/uploads\\\/2021\\\/11\\\/logo.png\",\"width\":484,\"height\":484,\"caption\":\"Les Marinas de Brest\"},\"image\":{\"@id\":\"https:\\\/\\\/www.marinasbrest.fr\\\/en\\\/#\\\/schema\\\/logo\\\/image\\\/\"},\"sameAs\":[\"https:\\\/\\\/www.facebook.com\\\/marinasbrest\\\/\"]}]}<\/script>\n<!-- \/ Yoast SEO plugin. -->","yoast_head_json":{"title":"Fin des restrictions concernant l'usage de l'eau - Brest Marinas","robots":{"index":"index","follow":"follow","max-snippet":"max-snippet:-1","max-image-preview":"max-image-preview:large","max-video-preview":"max-video-preview:-1"},"canonical":"https:\/\/www.marinasbrest.fr\/en\/all-events\/fin-des-restrictions-concernant-lusage-de-leau\/","og_locale":"en_US","og_type":"article","og_title":"Fin des restrictions concernant l'usage de l'eau - Brest Marinas","og_url":"https:\/\/www.marinasbrest.fr\/en\/all-events\/fin-des-restrictions-concernant-lusage-de-leau\/","og_site_name":"Brest Marinas","article_publisher":"https:\/\/www.facebook.com\/marinasbrest\/","article_modified_time":"2022-10-28T09:39:29+00:00","og_image":[{"width":336,"height":189,"url":"https:\/\/www.marinasbrest.fr\/wp-content\/uploads\/2022\/10\/Fin-des-restrictions-deau.png","type":"image\/png"}],"twitter_card":"summary_large_image","twitter_misc":{"Est. reading time":"1 minute"},"schema":{"@context":"https:\/\/schema.org","@graph":[{"@type":"WebPage","@id":"https:\/\/www.marinasbrest.fr\/en\/all-events\/fin-des-restrictions-concernant-lusage-de-leau\/","url":"https:\/\/www.marinasbrest.fr\/en\/all-events\/fin-des-restrictions-concernant-lusage-de-leau\/","name":"Fin des restrictions concernant l'usage de l'eau - Brest Marinas","isPartOf":{"@id":"https:\/\/www.marinasbrest.fr\/en\/#website"},"primaryImageOfPage":{"@id":"https:\/\/www.marinasbrest.fr\/en\/all-events\/fin-des-restrictions-concernant-lusage-de-leau\/#primaryimage"},"image":{"@id":"https:\/\/www.marinasbrest.fr\/en\/all-events\/fin-des-restrictions-concernant-lusage-de-leau\/#primaryimage"},"thumbnailUrl":"https:\/\/www.marinasbrest.fr\/wp-content\/uploads\/2022\/10\/Fin-des-restrictions-deau.png","datePublished":"2022-10-28T09:39:27+00:00","dateModified":"2022-10-28T09:39:29+00:00","breadcrumb":{"@id":"https:\/\/www.marinasbrest.fr\/en\/all-events\/fin-des-restrictions-concernant-lusage-de-leau\/#breadcrumb"},"inLanguage":"en-US","potentialAction":[{"@type":"ReadAction","target":["https:\/\/www.marinasbrest.fr\/en\/all-events\/fin-des-restrictions-concernant-lusage-de-leau\/"]}]},{"@type":"ImageObject","inLanguage":"en-US","@id":"https:\/\/www.marinasbrest.fr\/en\/all-events\/fin-des-restrictions-concernant-lusage-de-leau\/#primaryimage","url":"https:\/\/www.marinasbrest.fr\/wp-content\/uploads\/2022\/10\/Fin-des-restrictions-deau.png","contentUrl":"https:\/\/www.marinasbrest.fr\/wp-content\/uploads\/2022\/10\/Fin-des-restrictions-deau.png","width":336,"height":189},{"@type":"BreadcrumbList","@id":"https:\/\/www.marinasbrest.fr\/en\/all-events\/fin-des-restrictions-concernant-lusage-de-leau\/#breadcrumb","itemListElement":[{"@type":"ListItem","position":1,"name":"Accueil","item":"https:\/\/www.marinasbrest.fr\/en\/"},{"@type":"ListItem","position":2,"name":"Fin des restrictions concernant l'usage de l'eau"}]},{"@type":"WebSite","@id":"https:\/\/www.marinasbrest.fr\/en\/#website","url":"https:\/\/www.marinasbrest.fr\/en\/","name":"Brest Marinas","description":"Deux marinas pour votre escale dans l&#039;une des plus belles rades du Monde","publisher":{"@id":"https:\/\/www.marinasbrest.fr\/en\/#organization"},"potentialAction":[{"@type":"SearchAction","target":{"@type":"EntryPoint","urlTemplate":"https:\/\/www.marinasbrest.fr\/en\/?s={search_term_string}"},"query-input":{"@type":"PropertyValueSpecification","valueRequired":true,"valueName":"search_term_string"}}],"inLanguage":"en-US"},{"@type":"Organization","@id":"https:\/\/www.marinasbrest.fr\/en\/#organization","name":"Les Marinas de Brest","url":"https:\/\/www.marinasbrest.fr\/en\/","logo":{"@type":"ImageObject","inLanguage":"en-US","@id":"https:\/\/www.marinasbrest.fr\/en\/#\/schema\/logo\/image\/","url":"https:\/\/www.marinasbrest.fr\/wp-content\/uploads\/2021\/11\/logo.png","contentUrl":"https:\/\/www.marinasbrest.fr\/wp-content\/uploads\/2021\/11\/logo.png","width":484,"height":484,"caption":"Les Marinas de Brest"},"image":{"@id":"https:\/\/www.marinasbrest.fr\/en\/#\/schema\/logo\/image\/"},"sameAs":["https:\/\/www.facebook.com\/marinasbrest\/"]}]}},"_links":{"self":[{"href":"https:\/\/www.marinasbrest.fr\/en\/wp-json\/wp\/v2\/cpt_evenements\/5300","targetHints":{"allow":["GET"]}}],"collection":[{"href":"https:\/\/www.marinasbrest.fr\/en\/wp-json\/wp\/v2\/cpt_evenements"}],"about":[{"href":"https:\/\/www.marinasbrest.fr\/en\/wp-json\/wp\/v2\/types\/cpt_evenements"}],"author":[{"embeddable":true,"href":"https:\/\/www.marinasbrest.fr\/en\/wp-json\/wp\/v2\/users\/4"}],"version-history":[{"count":2,"href":"https:\/\/www.marinasbrest.fr\/en\/wp-json\/wp\/v2\/cpt_evenements\/5300\/revisions"}],"predecessor-version":[{"id":5304,"href":"https:\/\/www.marinasbrest.fr\/en\/wp-json\/wp\/v2\/cpt_evenements\/5300\/revisions\/5304"}],"wp:featuredmedia":[{"embeddable":true,"href":"https:\/\/www.marinasbrest.fr\/en\/wp-json\/wp\/v2\/media\/5301"}],"wp:attachment":[{"href":"https:\/\/www.marinasbrest.fr\/en\/wp-json\/wp\/v2\/media?parent=5300"}],"wp:term":[{"taxonomy":"taxo_tags_events","embeddable":true,"href":"https:\/\/www.marinasbrest.fr\/en\/wp-json\/wp\/v2\/taxo_tags_events?post=5300"}],"curies":[{"name":"wp","href":"https:\/\/api.w.org\/{rel}","templated":true}]}}

<p>Les précipitations depuis le début du mois de septembre et plus particulièrement des 15 derniers jours ont permis d’améliorer significativement le débit des cours d’eau du département et d’augmenter l’humidité des sols.</p>



<p>Dans ce contexte, le Préfet du Finistère, après avis des membres du comité de gestion de la ressource en eau, a décidé de&nbsp;<strong>lever l’ensemble des mesures de restriction des usages de l’eau en vigueur dans le département.</strong></p>



<p>Le préfet rappelle que l’économie d’eau doit être un souci quotidien pour l’ensemble des usagers du département. Chacun peut adopter tout au long de l’année des gestes simples permettant de réduire sa consommation d’eau.</p>
