{"id":4701,"date":"2022-09-01T14:56:26","date_gmt":"2022-09-01T12:56:26","guid":{"rendered":"https:\/\/www.marinasbrest.fr\/?post_type=cpt_evenements&#038;p=4701"},"modified":"2022-09-30T11:24:58","modified_gmt":"2022-09-30T09:24:58","slug":"debut-des-forfaits-hiver","status":"publish","type":"cpt_evenements","link":"https:\/\/www.marinasbrest.fr\/en\/all-events\/debut-des-forfaits-hiver\/","title":{"rendered":"D\u00e9but des forfaits hiver"},"content":{"rendered":"\n<p>Du 1er octobre au 31 d\u00e9cembre, profitez de nos forfaits hiver \u00e0 flot. Ils sont renouvelables du 1er janvier au 31 mars.<\/p>\n\n\n\n<p>Attention : cette ann\u00e9e le <strong>nombre de places disponibles pour les forfaits hiver est tr\u00e8s limit\u00e9<\/strong>. En effet, pour accueillir les bateaux en contrat saisonnier, nous utilisons des emplacements temporairement disponibles suite \u00e0 l'hivernage \u00e0 terre des bateaux annuels. Cependant cette ann\u00e9e, les restrictions d'eau li\u00e9es \u00e0 la s\u00e9cheresse sont toujours en vigueur et ce, jusqu'au 31 octobre. Cela retarde donc le d\u00e9part en hivernage de nos annuels. Par cons\u00e9quent, nous accueillerons moins de forfait hiver.<\/p>\n\n\n\n<p>L'hivernage \u00e0 flot permet aux plaisanciers de d\u00e9sarmer partiellement leur bateau, et de prolonger la saison de navigation, tout en b\u00e9n\u00e9ficiant d'un tarif avantageux. Les ports de plaisance de Brest ont la chance d'\u00eatre bien abrit\u00e9s, les bateaux seront donc en s\u00e9curit\u00e9 au ponton.<\/p>\n\n\n\n<p>Pour en savoir plus, <a href=\"https:\/\/www.marinasbrest.fr\/contact\/\" target=\"_blank\" rel=\"noreferrer noopener\">contactez<\/a> directement la marina du Moulin Blanc ou la marina du Ch\u00e2teau !<\/p>\n","protected":false},"excerpt":{"rendered":"","protected":false},"author":4,"featured_media":4702,"parent":0,"template":"","taxo_tags_events":[62],"class_list":["post-4701","cpt_evenements","type-cpt_evenements","status-publish","has-post-thumbnail","hentry"],"acf":[],"yoast_head":"<!-- This site is optimized with the Yoast SEO plugin v27.4 - https:\/\/yoast.com\/product\/yoast-seo-wordpress\/ -->\n<title>D\u00e9but des forfaits hiver - Brest Marinas<\/title>\n<meta name=\"robots\" content=\"index, follow, max-snippet:-1, max-image-preview:large, max-video-preview:-1\" \/>\n<link rel=\"canonical\" href=\"https:\/\/www.marinasbrest.fr\/en\/all-events\/debut-des-forfaits-hiver\/\" \/>\n<meta property=\"og:locale\" content=\"en_US\" \/>\n<meta property=\"og:type\" content=\"article\" \/>\n<meta property=\"og:title\" content=\"D\u00e9but des forfaits hiver - Brest Marinas\" \/>\n<meta property=\"og:url\" content=\"https:\/\/www.marinasbrest.fr\/en\/all-events\/debut-des-forfaits-hiver\/\" \/>\n<meta property=\"og:site_name\" content=\"Brest Marinas\" \/>\n<meta property=\"article:publisher\" content=\"https:\/\/www.facebook.com\/marinasbrest\/\" \/>\n<meta property=\"article:modified_time\" content=\"2022-09-30T09:24:58+00:00\" \/>\n<meta property=\"og:image\" content=\"https:\/\/www.marinasbrest.fr\/wp-content\/uploads\/2022\/09\/ciel-matinal-moulin-blanc-scaled.jpg\" \/>\n\t<meta property=\"og:image:width\" content=\"2560\" \/>\n\t<meta property=\"og:image:height\" content=\"1409\" \/>\n\t<meta property=\"og:image:type\" content=\"image\/jpeg\" \/>\n<meta name=\"twitter:card\" content=\"summary_large_image\" \/>\n<meta name=\"twitter:label1\" content=\"Est. reading time\" \/>\n\t<meta name=\"twitter:data1\" content=\"1 minute\" \/>\n<script type=\"application\/ld+json\" class=\"yoast-schema-graph\">{\"@context\":\"https:\\\/\\\/schema.org\",\"@graph\":[{\"@type\":\"WebPage\",\"@id\":\"https:\\\/\\\/www.marinasbrest.fr\\\/en\\\/all-events\\\/debut-des-forfaits-hiver\\\/\",\"url\":\"https:\\\/\\\/www.marinasbrest.fr\\\/en\\\/all-events\\\/debut-des-forfaits-hiver\\\/\",\"name\":\"D\u00e9but des forfaits hiver - Brest Marinas\",\"isPartOf\":{\"@id\":\"https:\\\/\\\/www.marinasbrest.fr\\\/en\\\/#website\"},\"primaryImageOfPage\":{\"@id\":\"https:\\\/\\\/www.marinasbrest.fr\\\/en\\\/all-events\\\/debut-des-forfaits-hiver\\\/#primaryimage\"},\"image\":{\"@id\":\"https:\\\/\\\/www.marinasbrest.fr\\\/en\\\/all-events\\\/debut-des-forfaits-hiver\\\/#primaryimage\"},\"thumbnailUrl\":\"https:\\\/\\\/www.marinasbrest.fr\\\/wp-content\\\/uploads\\\/2022\\\/09\\\/ciel-matinal-moulin-blanc-scaled.jpg\",\"datePublished\":\"2022-09-01T12:56:26+00:00\",\"dateModified\":\"2022-09-30T09:24:58+00:00\",\"breadcrumb\":{\"@id\":\"https:\\\/\\\/www.marinasbrest.fr\\\/en\\\/all-events\\\/debut-des-forfaits-hiver\\\/#breadcrumb\"},\"inLanguage\":\"en-US\",\"potentialAction\":[{\"@type\":\"ReadAction\",\"target\":[\"https:\\\/\\\/www.marinasbrest.fr\\\/en\\\/all-events\\\/debut-des-forfaits-hiver\\\/\"]}]},{\"@type\":\"ImageObject\",\"inLanguage\":\"en-US\",\"@id\":\"https:\\\/\\\/www.marinasbrest.fr\\\/en\\\/all-events\\\/debut-des-forfaits-hiver\\\/#primaryimage\",\"url\":\"https:\\\/\\\/www.marinasbrest.fr\\\/wp-content\\\/uploads\\\/2022\\\/09\\\/ciel-matinal-moulin-blanc-scaled.jpg\",\"contentUrl\":\"https:\\\/\\\/www.marinasbrest.fr\\\/wp-content\\\/uploads\\\/2022\\\/09\\\/ciel-matinal-moulin-blanc-scaled.jpg\",\"width\":2560,\"height\":1409,\"caption\":\"Hivernage \u00e0 flot\"},{\"@type\":\"BreadcrumbList\",\"@id\":\"https:\\\/\\\/www.marinasbrest.fr\\\/en\\\/all-events\\\/debut-des-forfaits-hiver\\\/#breadcrumb\",\"itemListElement\":[{\"@type\":\"ListItem\",\"position\":1,\"name\":\"Accueil\",\"item\":\"https:\\\/\\\/www.marinasbrest.fr\\\/en\\\/\"},{\"@type\":\"ListItem\",\"position\":2,\"name\":\"D\u00e9but des forfaits hiver\"}]},{\"@type\":\"WebSite\",\"@id\":\"https:\\\/\\\/www.marinasbrest.fr\\\/en\\\/#website\",\"url\":\"https:\\\/\\\/www.marinasbrest.fr\\\/en\\\/\",\"name\":\"Brest Marinas\",\"description\":\"Deux marinas pour votre escale dans l&#039;une des plus belles rades du Monde\",\"publisher\":{\"@id\":\"https:\\\/\\\/www.marinasbrest.fr\\\/en\\\/#organization\"},\"potentialAction\":[{\"@type\":\"SearchAction\",\"target\":{\"@type\":\"EntryPoint\",\"urlTemplate\":\"https:\\\/\\\/www.marinasbrest.fr\\\/en\\\/?s={search_term_string}\"},\"query-input\":{\"@type\":\"PropertyValueSpecification\",\"valueRequired\":true,\"valueName\":\"search_term_string\"}}],\"inLanguage\":\"en-US\"},{\"@type\":\"Organization\",\"@id\":\"https:\\\/\\\/www.marinasbrest.fr\\\/en\\\/#organization\",\"name\":\"Les Marinas de Brest\",\"url\":\"https:\\\/\\\/www.marinasbrest.fr\\\/en\\\/\",\"logo\":{\"@type\":\"ImageObject\",\"inLanguage\":\"en-US\",\"@id\":\"https:\\\/\\\/www.marinasbrest.fr\\\/en\\\/#\\\/schema\\\/logo\\\/image\\\/\",\"url\":\"https:\\\/\\\/www.marinasbrest.fr\\\/wp-content\\\/uploads\\\/2021\\\/11\\\/logo.png\",\"contentUrl\":\"https:\\\/\\\/www.marinasbrest.fr\\\/wp-content\\\/uploads\\\/2021\\\/11\\\/logo.png\",\"width\":484,\"height\":484,\"caption\":\"Les Marinas de Brest\"},\"image\":{\"@id\":\"https:\\\/\\\/www.marinasbrest.fr\\\/en\\\/#\\\/schema\\\/logo\\\/image\\\/\"},\"sameAs\":[\"https:\\\/\\\/www.facebook.com\\\/marinasbrest\\\/\"]}]}<\/script>\n<!-- \/ Yoast SEO plugin. -->","yoast_head_json":{"title":"D\u00e9but des forfaits hiver - Brest Marinas","robots":{"index":"index","follow":"follow","max-snippet":"max-snippet:-1","max-image-preview":"max-image-preview:large","max-video-preview":"max-video-preview:-1"},"canonical":"https:\/\/www.marinasbrest.fr\/en\/all-events\/debut-des-forfaits-hiver\/","og_locale":"en_US","og_type":"article","og_title":"D\u00e9but des forfaits hiver - Brest Marinas","og_url":"https:\/\/www.marinasbrest.fr\/en\/all-events\/debut-des-forfaits-hiver\/","og_site_name":"Brest Marinas","article_publisher":"https:\/\/www.facebook.com\/marinasbrest\/","article_modified_time":"2022-09-30T09:24:58+00:00","og_image":[{"width":2560,"height":1409,"url":"https:\/\/www.marinasbrest.fr\/wp-content\/uploads\/2022\/09\/ciel-matinal-moulin-blanc-scaled.jpg","type":"image\/jpeg"}],"twitter_card":"summary_large_image","twitter_misc":{"Est. reading time":"1 minute"},"schema":{"@context":"https:\/\/schema.org","@graph":[{"@type":"WebPage","@id":"https:\/\/www.marinasbrest.fr\/en\/all-events\/debut-des-forfaits-hiver\/","url":"https:\/\/www.marinasbrest.fr\/en\/all-events\/debut-des-forfaits-hiver\/","name":"D\u00e9but des forfaits hiver - Brest Marinas","isPartOf":{"@id":"https:\/\/www.marinasbrest.fr\/en\/#website"},"primaryImageOfPage":{"@id":"https:\/\/www.marinasbrest.fr\/en\/all-events\/debut-des-forfaits-hiver\/#primaryimage"},"image":{"@id":"https:\/\/www.marinasbrest.fr\/en\/all-events\/debut-des-forfaits-hiver\/#primaryimage"},"thumbnailUrl":"https:\/\/www.marinasbrest.fr\/wp-content\/uploads\/2022\/09\/ciel-matinal-moulin-blanc-scaled.jpg","datePublished":"2022-09-01T12:56:26+00:00","dateModified":"2022-09-30T09:24:58+00:00","breadcrumb":{"@id":"https:\/\/www.marinasbrest.fr\/en\/all-events\/debut-des-forfaits-hiver\/#breadcrumb"},"inLanguage":"en-US","potentialAction":[{"@type":"ReadAction","target":["https:\/\/www.marinasbrest.fr\/en\/all-events\/debut-des-forfaits-hiver\/"]}]},{"@type":"ImageObject","inLanguage":"en-US","@id":"https:\/\/www.marinasbrest.fr\/en\/all-events\/debut-des-forfaits-hiver\/#primaryimage","url":"https:\/\/www.marinasbrest.fr\/wp-content\/uploads\/2022\/09\/ciel-matinal-moulin-blanc-scaled.jpg","contentUrl":"https:\/\/www.marinasbrest.fr\/wp-content\/uploads\/2022\/09\/ciel-matinal-moulin-blanc-scaled.jpg","width":2560,"height":1409,"caption":"Hivernage \u00e0 flot"},{"@type":"BreadcrumbList","@id":"https:\/\/www.marinasbrest.fr\/en\/all-events\/debut-des-forfaits-hiver\/#breadcrumb","itemListElement":[{"@type":"ListItem","position":1,"name":"Accueil","item":"https:\/\/www.marinasbrest.fr\/en\/"},{"@type":"ListItem","position":2,"name":"D\u00e9but des forfaits hiver"}]},{"@type":"WebSite","@id":"https:\/\/www.marinasbrest.fr\/en\/#website","url":"https:\/\/www.marinasbrest.fr\/en\/","name":"Brest Marinas","description":"Deux marinas pour votre escale dans l&#039;une des plus belles rades du Monde","publisher":{"@id":"https:\/\/www.marinasbrest.fr\/en\/#organization"},"potentialAction":[{"@type":"SearchAction","target":{"@type":"EntryPoint","urlTemplate":"https:\/\/www.marinasbrest.fr\/en\/?s={search_term_string}"},"query-input":{"@type":"PropertyValueSpecification","valueRequired":true,"valueName":"search_term_string"}}],"inLanguage":"en-US"},{"@type":"Organization","@id":"https:\/\/www.marinasbrest.fr\/en\/#organization","name":"Les Marinas de Brest","url":"https:\/\/www.marinasbrest.fr\/en\/","logo":{"@type":"ImageObject","inLanguage":"en-US","@id":"https:\/\/www.marinasbrest.fr\/en\/#\/schema\/logo\/image\/","url":"https:\/\/www.marinasbrest.fr\/wp-content\/uploads\/2021\/11\/logo.png","contentUrl":"https:\/\/www.marinasbrest.fr\/wp-content\/uploads\/2021\/11\/logo.png","width":484,"height":484,"caption":"Les Marinas de Brest"},"image":{"@id":"https:\/\/www.marinasbrest.fr\/en\/#\/schema\/logo\/image\/"},"sameAs":["https:\/\/www.facebook.com\/marinasbrest\/"]}]}},"_links":{"self":[{"href":"https:\/\/www.marinasbrest.fr\/en\/wp-json\/wp\/v2\/cpt_evenements\/4701","targetHints":{"allow":["GET"]}}],"collection":[{"href":"https:\/\/www.marinasbrest.fr\/en\/wp-json\/wp\/v2\/cpt_evenements"}],"about":[{"href":"https:\/\/www.marinasbrest.fr\/en\/wp-json\/wp\/v2\/types\/cpt_evenements"}],"author":[{"embeddable":true,"href":"https:\/\/www.marinasbrest.fr\/en\/wp-json\/wp\/v2\/users\/4"}],"version-history":[{"count":3,"href":"https:\/\/www.marinasbrest.fr\/en\/wp-json\/wp\/v2\/cpt_evenements\/4701\/revisions"}],"predecessor-version":[{"id":5008,"href":"https:\/\/www.marinasbrest.fr\/en\/wp-json\/wp\/v2\/cpt_evenements\/4701\/revisions\/5008"}],"wp:featuredmedia":[{"embeddable":true,"href":"https:\/\/www.marinasbrest.fr\/en\/wp-json\/wp\/v2\/media\/4702"}],"wp:attachment":[{"href":"https:\/\/www.marinasbrest.fr\/en\/wp-json\/wp\/v2\/media?parent=4701"}],"wp:term":[{"taxonomy":"taxo_tags_events","embeddable":true,"href":"https:\/\/www.marinasbrest.fr\/en\/wp-json\/wp\/v2\/taxo_tags_events?post=4701"}],"curies":[{"name":"wp","href":"https:\/\/api.w.org\/{rel}","templated":true}]}}

Début des forfaits hiver

<p>Du 1er octobre au 31 décembre, profitez de nos forfaits hiver à flot. Ils sont renouvelables du 1er janvier au 31 mars.</p>



<p>Attention : cette année le <strong>nombre de places disponibles pour les forfaits hiver est très limité</strong>. En effet, pour accueillir les bateaux en contrat saisonnier, nous utilisons des emplacements temporairement disponibles suite à l'hivernage à terre des bateaux annuels. Cependant cette année, les restrictions d'eau liées à la sécheresse sont toujours en vigueur et ce, jusqu'au 31 octobre. Cela retarde donc le départ en hivernage de nos annuels. Par conséquent, nous accueillerons moins de forfait hiver.</p>



<p>L'hivernage à flot permet aux plaisanciers de désarmer partiellement leur bateau, et de prolonger la saison de navigation, tout en bénéficiant d'un tarif avantageux. Les ports de plaisance de Brest ont la chance d'être bien abrités, les bateaux seront donc en sécurité au ponton.</p>



<p>Pour en savoir plus, <a href="https://www.marinasbrest.fr/contact/" target="_blank" rel="noreferrer noopener">contactez</a> directement la marina du Moulin Blanc ou la marina du Château !</p>

<!-- This site is optimized with the Yoast SEO plugin v27.4 - https://yoast.com/product/yoast-seo-wordpress/ -->
<title>Début des forfaits hiver - Brest Marinas</title>
<meta name="robots" content="index, follow, max-snippet:-1, max-image-preview:large, max-video-preview:-1" />
<link rel="canonical" href="https://www.marinasbrest.fr/en/all-events/debut-des-forfaits-hiver/" />
<meta property="og:locale" content="en_US" />
<meta property="og:type" content="article" />
<meta property="og:title" content="Début des forfaits hiver - Brest Marinas" />
<meta property="og:url" content="https://www.marinasbrest.fr/en/all-events/debut-des-forfaits-hiver/" />
<meta property="og:site_name" content="Brest Marinas" />
<meta property="article:publisher" content="https://www.facebook.com/marinasbrest/" />
<meta property="article:modified_time" content="2022-09-30T09:24:58+00:00" />
<meta property="og:image" content="https://www.marinasbrest.fr/wp-content/uploads/2022/09/ciel-matinal-moulin-blanc-scaled.jpg" />
	<meta property="og:image:width" content="2560" />
	<meta property="og:image:height" content="1409" />
	<meta property="og:image:type" content="image/jpeg" />
<meta name="twitter:card" content="summary_large_image" />
<meta name="twitter:label1" content="Est. reading time" />
	<meta name="twitter:data1" content="1 minute" />
<script type="application/ld+json" class="yoast-schema-graph">{"@context":"https:\/\/schema.org","@graph":[{"@type":"WebPage","@id":"https:\/\/www.marinasbrest.fr\/en\/all-events\/debut-des-forfaits-hiver\/","url":"https:\/\/www.marinasbrest.fr\/en\/all-events\/debut-des-forfaits-hiver\/","name":"Début des forfaits hiver - Brest Marinas","isPartOf":{"@id":"https:\/\/www.marinasbrest.fr\/en\/#website"},"primaryImageOfPage":{"@id":"https:\/\/www.marinasbrest.fr\/en\/all-events\/debut-des-forfaits-hiver\/#primaryimage"},"image":{"@id":"https:\/\/www.marinasbrest.fr\/en\/all-events\/debut-des-forfaits-hiver\/#primaryimage"},"thumbnailUrl":"https:\/\/www.marinasbrest.fr\/wp-content\/uploads\/2022\/09\/ciel-matinal-moulin-blanc-scaled.jpg","datePublished":"2022-09-01T12:56:26+00:00","dateModified":"2022-09-30T09:24:58+00:00","breadcrumb":{"@id":"https:\/\/www.marinasbrest.fr\/en\/all-events\/debut-des-forfaits-hiver\/#breadcrumb"},"inLanguage":"en-US","potentialAction":[{"@type":"ReadAction","target":["https:\/\/www.marinasbrest.fr\/en\/all-events\/debut-des-forfaits-hiver\/"]}]},{"@type":"ImageObject","inLanguage":"en-US","@id":"https:\/\/www.marinasbrest.fr\/en\/all-events\/debut-des-forfaits-hiver\/#primaryimage","url":"https:\/\/www.marinasbrest.fr\/wp-content\/uploads\/2022\/09\/ciel-matinal-moulin-blanc-scaled.jpg","contentUrl":"https:\/\/www.marinasbrest.fr\/wp-content\/uploads\/2022\/09\/ciel-matinal-moulin-blanc-scaled.jpg","width":2560,"height":1409,"caption":"Hivernage à flot"},{"@type":"BreadcrumbList","@id":"https:\/\/www.marinasbrest.fr\/en\/all-events\/debut-des-forfaits-hiver\/#breadcrumb","itemListElement":[{"@type":"ListItem","position":1,"name":"Accueil","item":"https:\/\/www.marinasbrest.fr\/en\/"},{"@type":"ListItem","position":2,"name":"Début des forfaits hiver"}]},{"@type":"WebSite","@id":"https:\/\/www.marinasbrest.fr\/en\/#website","url":"https:\/\/www.marinasbrest.fr\/en\/","name":"Brest Marinas","description":"Deux marinas pour votre escale dans l&#039;une des plus belles rades du Monde","publisher":{"@id":"https:\/\/www.marinasbrest.fr\/en\/#organization"},"potentialAction":[{"@type":"SearchAction","target":{"@type":"EntryPoint","urlTemplate":"https:\/\/www.marinasbrest.fr\/en\/?s={search_term_string}"},"query-input":{"@type":"PropertyValueSpecification","valueRequired":true,"valueName":"search_term_string"}}],"inLanguage":"en-US"},{"@type":"Organization","@id":"https:\/\/www.marinasbrest.fr\/en\/#organization","name":"Les Marinas de Brest","url":"https:\/\/www.marinasbrest.fr\/en\/","logo":{"@type":"ImageObject","inLanguage":"en-US","@id":"https:\/\/www.marinasbrest.fr\/en\/#\/schema\/logo\/image\/","url":"https:\/\/www.marinasbrest.fr\/wp-content\/uploads\/2021\/11\/logo.png","contentUrl":"https:\/\/www.marinasbrest.fr\/wp-content\/uploads\/2021\/11\/logo.png","width":484,"height":484,"caption":"Les Marinas de Brest"},"image":{"@id":"https:\/\/www.marinasbrest.fr\/en\/#\/schema\/logo\/image\/"},"sameAs":["https:\/\/www.facebook.com\/marinasbrest\/"]}]}</script>
<!-- / Yoast SEO plugin. -->

Début des forfaits hiver - Brest Marinas

Hivernage à flot
