{"id":15183,"date":"2026-04-30T10:19:21","date_gmt":"2026-04-30T08:19:21","guid":{"rendered":"https:\/\/www.marinasbrest.fr\/?post_type=cpt_evenements&#038;p=15183"},"modified":"2026-04-30T10:19:27","modified_gmt":"2026-04-30T08:19:27","slug":"championnat-de-france-jeunes-glisse-windsurf","status":"publish","type":"cpt_evenements","link":"https:\/\/www.marinasbrest.fr\/en\/all-events\/championnat-de-france-jeunes-glisse-windsurf\/","title":{"rendered":"Championnat de France Jeunes Glisse Windsurf"},"content":{"rendered":"\n<p>Ouverte \u00e0 diff\u00e9rents niveaux, la comp\u00e9tition se d\u00e9roule dans la rade de Brest, un terrain de jeu id\u00e9al reconnu pour la qualit\u00e9 de ses conditions de navigation. Elle met en avant \u00e0 la fois la technicit\u00e9 des \u00e9quipages, la strat\u00e9gie en mer et l\u2019esprit sportif propre \u00e0 la voile.<\/p>\n\n\n\n<p>Que vous soyez participant ou simple spectateur, cette r\u00e9gate est une belle occasion de vivre la voile de pr\u00e8s et de partager un moment convivial autour d\u2019une passion commune.<\/p>\n\n\n\n<p>\ud83d\udd38Retrouvez toutes les informations pratiques, les modalit\u00e9s d\u2019inscription et le programme d\u00e9taill\u00e9 via le lien officiel de la FFVoile.<\/p>\n\n\n\n<p>Organis\u00e9 par Brest Bretagne Nautisme, vous pouvez retrouver toutes les informations en cliquant sur le lien ci-dessous :<\/p>\n\n\n\n<p><a href=\"https:\/\/www.ffvoile.fr\/ffv\/web\/pratique\/championnats_france.asp\">https:\/\/www.ffvoile.fr\/ffv\/web\/pratique\/championnats_france.asp<\/a><\/p>\n","protected":false},"excerpt":{"rendered":"","protected":false},"author":6,"featured_media":15184,"parent":0,"template":"","taxo_tags_events":[54,119],"class_list":["post-15183","cpt_evenements","type-cpt_evenements","status-publish","has-post-thumbnail","hentry"],"acf":[],"yoast_head":"<!-- This site is optimized with the Yoast SEO plugin v27.4 - https:\/\/yoast.com\/product\/yoast-seo-wordpress\/ -->\n<title>Championnat de France Jeunes Glisse Windsurf - Brest Marinas<\/title>\n<meta name=\"description\" content=\"Participez ou assistez \u00e0 une comp\u00e9tition de voile dynamique, entre performance, esprit sportif et passion maritime.\" \/>\n<meta name=\"robots\" content=\"index, follow, max-snippet:-1, max-image-preview:large, max-video-preview:-1\" \/>\n<link rel=\"canonical\" href=\"https:\/\/www.marinasbrest.fr\/en\/all-events\/championnat-de-france-jeunes-glisse-windsurf\/\" \/>\n<meta property=\"og:locale\" content=\"en_US\" \/>\n<meta property=\"og:type\" content=\"article\" \/>\n<meta property=\"og:title\" content=\"Championnat de France Jeunes Glisse Windsurf - Brest Marinas\" \/>\n<meta property=\"og:description\" content=\"Participez ou assistez \u00e0 une comp\u00e9tition de voile dynamique, entre performance, esprit sportif et passion maritime.\" \/>\n<meta property=\"og:url\" content=\"https:\/\/www.marinasbrest.fr\/en\/all-events\/championnat-de-france-jeunes-glisse-windsurf\/\" \/>\n<meta property=\"og:site_name\" content=\"Brest Marinas\" \/>\n<meta property=\"article:publisher\" content=\"https:\/\/www.facebook.com\/marinasbrest\/\" \/>\n<meta property=\"article:modified_time\" content=\"2026-04-30T08:19:27+00:00\" \/>\n<meta property=\"og:image\" content=\"https:\/\/www.marinasbrest.fr\/wp-content\/uploads\/2026\/04\/bandeau-cfj.png\" \/>\n\t<meta property=\"og:image:width\" content=\"2000\" \/>\n\t<meta property=\"og:image:height\" content=\"675\" \/>\n\t<meta property=\"og:image:type\" content=\"image\/png\" \/>\n<meta name=\"twitter:card\" content=\"summary_large_image\" \/>\n<meta name=\"twitter:label1\" content=\"Est. reading time\" \/>\n\t<meta name=\"twitter:data1\" content=\"1 minute\" \/>\n<script type=\"application\/ld+json\" class=\"yoast-schema-graph\">{\"@context\":\"https:\\\/\\\/schema.org\",\"@graph\":[{\"@type\":\"WebPage\",\"@id\":\"https:\\\/\\\/www.marinasbrest.fr\\\/en\\\/all-events\\\/championnat-de-france-jeunes-glisse-windsurf\\\/\",\"url\":\"https:\\\/\\\/www.marinasbrest.fr\\\/en\\\/all-events\\\/championnat-de-france-jeunes-glisse-windsurf\\\/\",\"name\":\"Championnat de France Jeunes Glisse Windsurf - Brest Marinas\",\"isPartOf\":{\"@id\":\"https:\\\/\\\/www.marinasbrest.fr\\\/en\\\/#website\"},\"primaryImageOfPage\":{\"@id\":\"https:\\\/\\\/www.marinasbrest.fr\\\/en\\\/all-events\\\/championnat-de-france-jeunes-glisse-windsurf\\\/#primaryimage\"},\"image\":{\"@id\":\"https:\\\/\\\/www.marinasbrest.fr\\\/en\\\/all-events\\\/championnat-de-france-jeunes-glisse-windsurf\\\/#primaryimage\"},\"thumbnailUrl\":\"https:\\\/\\\/www.marinasbrest.fr\\\/wp-content\\\/uploads\\\/2026\\\/04\\\/bandeau-cfj.png\",\"datePublished\":\"2026-04-30T08:19:21+00:00\",\"dateModified\":\"2026-04-30T08:19:27+00:00\",\"description\":\"Participez ou assistez \u00e0 une comp\u00e9tition de voile dynamique, entre performance, esprit sportif et passion maritime.\",\"breadcrumb\":{\"@id\":\"https:\\\/\\\/www.marinasbrest.fr\\\/en\\\/all-events\\\/championnat-de-france-jeunes-glisse-windsurf\\\/#breadcrumb\"},\"inLanguage\":\"en-US\",\"potentialAction\":[{\"@type\":\"ReadAction\",\"target\":[\"https:\\\/\\\/www.marinasbrest.fr\\\/en\\\/all-events\\\/championnat-de-france-jeunes-glisse-windsurf\\\/\"]}]},{\"@type\":\"ImageObject\",\"inLanguage\":\"en-US\",\"@id\":\"https:\\\/\\\/www.marinasbrest.fr\\\/en\\\/all-events\\\/championnat-de-france-jeunes-glisse-windsurf\\\/#primaryimage\",\"url\":\"https:\\\/\\\/www.marinasbrest.fr\\\/wp-content\\\/uploads\\\/2026\\\/04\\\/bandeau-cfj.png\",\"contentUrl\":\"https:\\\/\\\/www.marinasbrest.fr\\\/wp-content\\\/uploads\\\/2026\\\/04\\\/bandeau-cfj.png\",\"width\":2000,\"height\":675},{\"@type\":\"BreadcrumbList\",\"@id\":\"https:\\\/\\\/www.marinasbrest.fr\\\/en\\\/all-events\\\/championnat-de-france-jeunes-glisse-windsurf\\\/#breadcrumb\",\"itemListElement\":[{\"@type\":\"ListItem\",\"position\":1,\"name\":\"Accueil\",\"item\":\"https:\\\/\\\/www.marinasbrest.fr\\\/en\\\/\"},{\"@type\":\"ListItem\",\"position\":2,\"name\":\"Championnat de France Jeunes Glisse Windsurf\"}]},{\"@type\":\"WebSite\",\"@id\":\"https:\\\/\\\/www.marinasbrest.fr\\\/en\\\/#website\",\"url\":\"https:\\\/\\\/www.marinasbrest.fr\\\/en\\\/\",\"name\":\"Brest Marinas\",\"description\":\"Deux marinas pour votre escale dans l&#039;une des plus belles rades du Monde\",\"publisher\":{\"@id\":\"https:\\\/\\\/www.marinasbrest.fr\\\/en\\\/#organization\"},\"potentialAction\":[{\"@type\":\"SearchAction\",\"target\":{\"@type\":\"EntryPoint\",\"urlTemplate\":\"https:\\\/\\\/www.marinasbrest.fr\\\/en\\\/?s={search_term_string}\"},\"query-input\":{\"@type\":\"PropertyValueSpecification\",\"valueRequired\":true,\"valueName\":\"search_term_string\"}}],\"inLanguage\":\"en-US\"},{\"@type\":\"Organization\",\"@id\":\"https:\\\/\\\/www.marinasbrest.fr\\\/en\\\/#organization\",\"name\":\"Les Marinas de Brest\",\"url\":\"https:\\\/\\\/www.marinasbrest.fr\\\/en\\\/\",\"logo\":{\"@type\":\"ImageObject\",\"inLanguage\":\"en-US\",\"@id\":\"https:\\\/\\\/www.marinasbrest.fr\\\/en\\\/#\\\/schema\\\/logo\\\/image\\\/\",\"url\":\"https:\\\/\\\/www.marinasbrest.fr\\\/wp-content\\\/uploads\\\/2021\\\/11\\\/logo.png\",\"contentUrl\":\"https:\\\/\\\/www.marinasbrest.fr\\\/wp-content\\\/uploads\\\/2021\\\/11\\\/logo.png\",\"width\":484,\"height\":484,\"caption\":\"Les Marinas de Brest\"},\"image\":{\"@id\":\"https:\\\/\\\/www.marinasbrest.fr\\\/en\\\/#\\\/schema\\\/logo\\\/image\\\/\"},\"sameAs\":[\"https:\\\/\\\/www.facebook.com\\\/marinasbrest\\\/\"]}]}<\/script>\n<!-- \/ Yoast SEO plugin. -->","yoast_head_json":{"title":"Championnat de France Jeunes Glisse Windsurf - Brest Marinas","description":"Participez ou assistez \u00e0 une comp\u00e9tition de voile dynamique, entre performance, esprit sportif et passion maritime.","robots":{"index":"index","follow":"follow","max-snippet":"max-snippet:-1","max-image-preview":"max-image-preview:large","max-video-preview":"max-video-preview:-1"},"canonical":"https:\/\/www.marinasbrest.fr\/en\/all-events\/championnat-de-france-jeunes-glisse-windsurf\/","og_locale":"en_US","og_type":"article","og_title":"Championnat de France Jeunes Glisse Windsurf - Brest Marinas","og_description":"Participez ou assistez \u00e0 une comp\u00e9tition de voile dynamique, entre performance, esprit sportif et passion maritime.","og_url":"https:\/\/www.marinasbrest.fr\/en\/all-events\/championnat-de-france-jeunes-glisse-windsurf\/","og_site_name":"Brest Marinas","article_publisher":"https:\/\/www.facebook.com\/marinasbrest\/","article_modified_time":"2026-04-30T08:19:27+00:00","og_image":[{"width":2000,"height":675,"url":"https:\/\/www.marinasbrest.fr\/wp-content\/uploads\/2026\/04\/bandeau-cfj.png","type":"image\/png"}],"twitter_card":"summary_large_image","twitter_misc":{"Est. reading time":"1 minute"},"schema":{"@context":"https:\/\/schema.org","@graph":[{"@type":"WebPage","@id":"https:\/\/www.marinasbrest.fr\/en\/all-events\/championnat-de-france-jeunes-glisse-windsurf\/","url":"https:\/\/www.marinasbrest.fr\/en\/all-events\/championnat-de-france-jeunes-glisse-windsurf\/","name":"Championnat de France Jeunes Glisse Windsurf - Brest Marinas","isPartOf":{"@id":"https:\/\/www.marinasbrest.fr\/en\/#website"},"primaryImageOfPage":{"@id":"https:\/\/www.marinasbrest.fr\/en\/all-events\/championnat-de-france-jeunes-glisse-windsurf\/#primaryimage"},"image":{"@id":"https:\/\/www.marinasbrest.fr\/en\/all-events\/championnat-de-france-jeunes-glisse-windsurf\/#primaryimage"},"thumbnailUrl":"https:\/\/www.marinasbrest.fr\/wp-content\/uploads\/2026\/04\/bandeau-cfj.png","datePublished":"2026-04-30T08:19:21+00:00","dateModified":"2026-04-30T08:19:27+00:00","description":"Participez ou assistez \u00e0 une comp\u00e9tition de voile dynamique, entre performance, esprit sportif et passion maritime.","breadcrumb":{"@id":"https:\/\/www.marinasbrest.fr\/en\/all-events\/championnat-de-france-jeunes-glisse-windsurf\/#breadcrumb"},"inLanguage":"en-US","potentialAction":[{"@type":"ReadAction","target":["https:\/\/www.marinasbrest.fr\/en\/all-events\/championnat-de-france-jeunes-glisse-windsurf\/"]}]},{"@type":"ImageObject","inLanguage":"en-US","@id":"https:\/\/www.marinasbrest.fr\/en\/all-events\/championnat-de-france-jeunes-glisse-windsurf\/#primaryimage","url":"https:\/\/www.marinasbrest.fr\/wp-content\/uploads\/2026\/04\/bandeau-cfj.png","contentUrl":"https:\/\/www.marinasbrest.fr\/wp-content\/uploads\/2026\/04\/bandeau-cfj.png","width":2000,"height":675},{"@type":"BreadcrumbList","@id":"https:\/\/www.marinasbrest.fr\/en\/all-events\/championnat-de-france-jeunes-glisse-windsurf\/#breadcrumb","itemListElement":[{"@type":"ListItem","position":1,"name":"Accueil","item":"https:\/\/www.marinasbrest.fr\/en\/"},{"@type":"ListItem","position":2,"name":"Championnat de France Jeunes Glisse Windsurf"}]},{"@type":"WebSite","@id":"https:\/\/www.marinasbrest.fr\/en\/#website","url":"https:\/\/www.marinasbrest.fr\/en\/","name":"Brest Marinas","description":"Deux marinas pour votre escale dans l&#039;une des plus belles rades du Monde","publisher":{"@id":"https:\/\/www.marinasbrest.fr\/en\/#organization"},"potentialAction":[{"@type":"SearchAction","target":{"@type":"EntryPoint","urlTemplate":"https:\/\/www.marinasbrest.fr\/en\/?s={search_term_string}"},"query-input":{"@type":"PropertyValueSpecification","valueRequired":true,"valueName":"search_term_string"}}],"inLanguage":"en-US"},{"@type":"Organization","@id":"https:\/\/www.marinasbrest.fr\/en\/#organization","name":"Les Marinas de Brest","url":"https:\/\/www.marinasbrest.fr\/en\/","logo":{"@type":"ImageObject","inLanguage":"en-US","@id":"https:\/\/www.marinasbrest.fr\/en\/#\/schema\/logo\/image\/","url":"https:\/\/www.marinasbrest.fr\/wp-content\/uploads\/2021\/11\/logo.png","contentUrl":"https:\/\/www.marinasbrest.fr\/wp-content\/uploads\/2021\/11\/logo.png","width":484,"height":484,"caption":"Les Marinas de Brest"},"image":{"@id":"https:\/\/www.marinasbrest.fr\/en\/#\/schema\/logo\/image\/"},"sameAs":["https:\/\/www.facebook.com\/marinasbrest\/"]}]}},"_links":{"self":[{"href":"https:\/\/www.marinasbrest.fr\/en\/wp-json\/wp\/v2\/cpt_evenements\/15183","targetHints":{"allow":["GET"]}}],"collection":[{"href":"https:\/\/www.marinasbrest.fr\/en\/wp-json\/wp\/v2\/cpt_evenements"}],"about":[{"href":"https:\/\/www.marinasbrest.fr\/en\/wp-json\/wp\/v2\/types\/cpt_evenements"}],"author":[{"embeddable":true,"href":"https:\/\/www.marinasbrest.fr\/en\/wp-json\/wp\/v2\/users\/6"}],"version-history":[{"count":1,"href":"https:\/\/www.marinasbrest.fr\/en\/wp-json\/wp\/v2\/cpt_evenements\/15183\/revisions"}],"predecessor-version":[{"id":15186,"href":"https:\/\/www.marinasbrest.fr\/en\/wp-json\/wp\/v2\/cpt_evenements\/15183\/revisions\/15186"}],"wp:featuredmedia":[{"embeddable":true,"href":"https:\/\/www.marinasbrest.fr\/en\/wp-json\/wp\/v2\/media\/15184"}],"wp:attachment":[{"href":"https:\/\/www.marinasbrest.fr\/en\/wp-json\/wp\/v2\/media?parent=15183"}],"wp:term":[{"taxonomy":"taxo_tags_events","embeddable":true,"href":"https:\/\/www.marinasbrest.fr\/en\/wp-json\/wp\/v2\/taxo_tags_events?post=15183"}],"curies":[{"name":"wp","href":"https:\/\/api.w.org\/{rel}","templated":true}]}}

<p>Ouverte à différents niveaux, la compétition se déroule dans la rade de Brest, un terrain de jeu idéal reconnu pour la qualité de ses conditions de navigation. Elle met en avant à la fois la technicité des équipages, la stratégie en mer et l’esprit sportif propre à la voile.</p>



<p>Que vous soyez participant ou simple spectateur, cette régate est une belle occasion de vivre la voile de près et de partager un moment convivial autour d’une passion commune.</p>



<p>🔸Retrouvez toutes les informations pratiques, les modalités d’inscription et le programme détaillé via le lien officiel de la FFVoile.</p>



<p>Organisé par Brest Bretagne Nautisme, vous pouvez retrouver toutes les informations en cliquant sur le lien ci-dessous :</p>



<p><a href="https://www.ffvoile.fr/ffv/web/pratique/championnats_france.asp">https://www.ffvoile.fr/ffv/web/pratique/championnats_france.asp</a></p>

<!-- This site is optimized with the Yoast SEO plugin v27.4 - https://yoast.com/product/yoast-seo-wordpress/ -->
<title>Championnat de France Jeunes Glisse Windsurf - Brest Marinas</title>
<meta name="description" content="Participez ou assistez à une compétition de voile dynamique, entre performance, esprit sportif et passion maritime." />
<meta name="robots" content="index, follow, max-snippet:-1, max-image-preview:large, max-video-preview:-1" />
<link rel="canonical" href="https://www.marinasbrest.fr/en/all-events/championnat-de-france-jeunes-glisse-windsurf/" />
<meta property="og:locale" content="en_US" />
<meta property="og:type" content="article" />
<meta property="og:title" content="Championnat de France Jeunes Glisse Windsurf - Brest Marinas" />
<meta property="og:description" content="Participez ou assistez à une compétition de voile dynamique, entre performance, esprit sportif et passion maritime." />
<meta property="og:url" content="https://www.marinasbrest.fr/en/all-events/championnat-de-france-jeunes-glisse-windsurf/" />
<meta property="og:site_name" content="Brest Marinas" />
<meta property="article:publisher" content="https://www.facebook.com/marinasbrest/" />
<meta property="article:modified_time" content="2026-04-30T08:19:27+00:00" />
<meta property="og:image" content="https://www.marinasbrest.fr/wp-content/uploads/2026/04/bandeau-cfj.png" />
	<meta property="og:image:width" content="2000" />
	<meta property="og:image:height" content="675" />
	<meta property="og:image:type" content="image/png" />
<meta name="twitter:card" content="summary_large_image" />
<meta name="twitter:label1" content="Est. reading time" />
	<meta name="twitter:data1" content="1 minute" />
<script type="application/ld+json" class="yoast-schema-graph">{"@context":"https:\/\/schema.org","@graph":[{"@type":"WebPage","@id":"https:\/\/www.marinasbrest.fr\/en\/all-events\/championnat-de-france-jeunes-glisse-windsurf\/","url":"https:\/\/www.marinasbrest.fr\/en\/all-events\/championnat-de-france-jeunes-glisse-windsurf\/","name":"Championnat de France Jeunes Glisse Windsurf - Brest Marinas","isPartOf":{"@id":"https:\/\/www.marinasbrest.fr\/en\/#website"},"primaryImageOfPage":{"@id":"https:\/\/www.marinasbrest.fr\/en\/all-events\/championnat-de-france-jeunes-glisse-windsurf\/#primaryimage"},"image":{"@id":"https:\/\/www.marinasbrest.fr\/en\/all-events\/championnat-de-france-jeunes-glisse-windsurf\/#primaryimage"},"thumbnailUrl":"https:\/\/www.marinasbrest.fr\/wp-content\/uploads\/2026\/04\/bandeau-cfj.png","datePublished":"2026-04-30T08:19:21+00:00","dateModified":"2026-04-30T08:19:27+00:00","description":"Participez ou assistez à une compétition de voile dynamique, entre performance, esprit sportif et passion maritime.","breadcrumb":{"@id":"https:\/\/www.marinasbrest.fr\/en\/all-events\/championnat-de-france-jeunes-glisse-windsurf\/#breadcrumb"},"inLanguage":"en-US","potentialAction":[{"@type":"ReadAction","target":["https:\/\/www.marinasbrest.fr\/en\/all-events\/championnat-de-france-jeunes-glisse-windsurf\/"]}]},{"@type":"ImageObject","inLanguage":"en-US","@id":"https:\/\/www.marinasbrest.fr\/en\/all-events\/championnat-de-france-jeunes-glisse-windsurf\/#primaryimage","url":"https:\/\/www.marinasbrest.fr\/wp-content\/uploads\/2026\/04\/bandeau-cfj.png","contentUrl":"https:\/\/www.marinasbrest.fr\/wp-content\/uploads\/2026\/04\/bandeau-cfj.png","width":2000,"height":675},{"@type":"BreadcrumbList","@id":"https:\/\/www.marinasbrest.fr\/en\/all-events\/championnat-de-france-jeunes-glisse-windsurf\/#breadcrumb","itemListElement":[{"@type":"ListItem","position":1,"name":"Accueil","item":"https:\/\/www.marinasbrest.fr\/en\/"},{"@type":"ListItem","position":2,"name":"Championnat de France Jeunes Glisse Windsurf"}]},{"@type":"WebSite","@id":"https:\/\/www.marinasbrest.fr\/en\/#website","url":"https:\/\/www.marinasbrest.fr\/en\/","name":"Brest Marinas","description":"Deux marinas pour votre escale dans l&#039;une des plus belles rades du Monde","publisher":{"@id":"https:\/\/www.marinasbrest.fr\/en\/#organization"},"potentialAction":[{"@type":"SearchAction","target":{"@type":"EntryPoint","urlTemplate":"https:\/\/www.marinasbrest.fr\/en\/?s={search_term_string}"},"query-input":{"@type":"PropertyValueSpecification","valueRequired":true,"valueName":"search_term_string"}}],"inLanguage":"en-US"},{"@type":"Organization","@id":"https:\/\/www.marinasbrest.fr\/en\/#organization","name":"Les Marinas de Brest","url":"https:\/\/www.marinasbrest.fr\/en\/","logo":{"@type":"ImageObject","inLanguage":"en-US","@id":"https:\/\/www.marinasbrest.fr\/en\/#\/schema\/logo\/image\/","url":"https:\/\/www.marinasbrest.fr\/wp-content\/uploads\/2021\/11\/logo.png","contentUrl":"https:\/\/www.marinasbrest.fr\/wp-content\/uploads\/2021\/11\/logo.png","width":484,"height":484,"caption":"Les Marinas de Brest"},"image":{"@id":"https:\/\/www.marinasbrest.fr\/en\/#\/schema\/logo\/image\/"},"sameAs":["https:\/\/www.facebook.com\/marinasbrest\/"]}]}</script>
<!-- / Yoast SEO plugin. -->

Participez ou assistez à une compétition de voile dynamique, entre performance, esprit sportif et passion maritime.
