{"id":15177,"date":"2026-04-30T10:00:11","date_gmt":"2026-04-30T08:00:11","guid":{"rendered":"https:\/\/www.marinasbrest.fr\/?post_type=cpt_evenements&#038;p=15177"},"modified":"2026-04-30T10:21:29","modified_gmt":"2026-04-30T08:21:29","slug":"brest-fete-la-marine","status":"publish","type":"cpt_evenements","link":"https:\/\/www.marinasbrest.fr\/en\/all-events\/brest-fete-la-marine\/","title":{"rendered":"Brest f\u00eate la marine"},"content":{"rendered":"\n<p>\u00c9v\u00e9nement populaire et tourn\u00e9 vers la jeunesse, les territoires et l\u2019avenir, cette manifestation mettra \u00e0 l\u2019honneur le riche patrimoine maritime de Brest, notamment celui de la Marine nationale, tout en rappelant que la France est une grande nation maritime.<\/p>\n\n\n\n<p>Pendant cinq jours, le public pourra profiter d\u2019un programme riche et vari\u00e9 : pr\u00e9sence de navires de la Marine, grands voiliers et bateaux du patrimoine, visites de navires, sorties en mer, animations, illuminations, concerts, food court et espaces d\u00e9di\u00e9s \u00e0 l\u2019histoire maritime de Brest.<\/p>\n\n\n\n<p>Temps fort incontournable, le feu d\u2019artifice de la F\u00eate nationale viendra illuminer la rade le 14 juillet.<\/p>\n\n\n\n<h3 class=\"wp-block-heading\">Programme<\/h3>\n\n\n\n<p><strong>10 juillet<\/strong> : soir\u00e9e d\u2019inauguration, ouverture \u00e0 17h et concerts<br><strong>11 juillet<\/strong> : lancement de la billetterie des F\u00eates maritimes et animations musicales<br><strong>12 juillet<\/strong> : conf\u00e9rences th\u00e9matiques et concert<br><strong>13 juillet<\/strong> : bal des marins (format guinguette) et feu d\u2019artifice<\/p>\n\n\n\n<p><a href=\"https:\/\/www.defense.gouv.fr\/marine\/evenements\/brest-fete-marine\">https:\/\/www.defense.gouv.fr\/marine\/evenements\/brest-fete-marine<\/a><\/p>\n\n\n\n<p><\/p>\n","protected":false},"excerpt":{"rendered":"","protected":false},"author":6,"featured_media":15180,"parent":0,"template":"","taxo_tags_events":[119],"class_list":["post-15177","cpt_evenements","type-cpt_evenements","status-publish","has-post-thumbnail","hentry"],"acf":[],"yoast_head":"<!-- This site is optimized with the Yoast SEO plugin v27.4 - https:\/\/yoast.com\/product\/yoast-seo-wordpress\/ -->\n<title>Brest f\u00eate la marine - Brest Marinas<\/title>\n<meta name=\"description\" content=\"Venez c\u00e9l\u00e9brer \u00e0 Brest 400 ans d\u2019histoire de la Marine, de la Royale \u00e0 la Nationale.\" \/>\n<meta name=\"robots\" content=\"index, follow, max-snippet:-1, max-image-preview:large, max-video-preview:-1\" \/>\n<link rel=\"canonical\" href=\"https:\/\/www.marinasbrest.fr\/en\/all-events\/brest-fete-la-marine\/\" \/>\n<meta property=\"og:locale\" content=\"en_US\" \/>\n<meta property=\"og:type\" content=\"article\" \/>\n<meta property=\"og:title\" content=\"Brest f\u00eate la marine - Brest Marinas\" \/>\n<meta property=\"og:description\" content=\"Venez c\u00e9l\u00e9brer \u00e0 Brest 400 ans d\u2019histoire de la Marine, de la Royale \u00e0 la Nationale.\" \/>\n<meta property=\"og:url\" content=\"https:\/\/www.marinasbrest.fr\/en\/all-events\/brest-fete-la-marine\/\" \/>\n<meta property=\"og:site_name\" content=\"Brest Marinas\" \/>\n<meta property=\"article:publisher\" content=\"https:\/\/www.facebook.com\/marinasbrest\/\" \/>\n<meta property=\"article:modified_time\" content=\"2026-04-30T08:21:29+00:00\" \/>\n<meta property=\"og:image\" content=\"https:\/\/www.marinasbrest.fr\/wp-content\/uploads\/2026\/04\/Affiche-Brest-fete-la-Marine-1.png\" \/>\n\t<meta property=\"og:image:width\" content=\"792\" \/>\n\t<meta property=\"og:image:height\" content=\"445\" \/>\n\t<meta property=\"og:image:type\" content=\"image\/png\" \/>\n<meta name=\"twitter:card\" content=\"summary_large_image\" \/>\n<meta name=\"twitter:label1\" content=\"Est. reading time\" \/>\n\t<meta name=\"twitter:data1\" content=\"1 minute\" \/>\n<script type=\"application\/ld+json\" class=\"yoast-schema-graph\">{\"@context\":\"https:\\\/\\\/schema.org\",\"@graph\":[{\"@type\":\"WebPage\",\"@id\":\"https:\\\/\\\/www.marinasbrest.fr\\\/en\\\/all-events\\\/brest-fete-la-marine\\\/\",\"url\":\"https:\\\/\\\/www.marinasbrest.fr\\\/en\\\/all-events\\\/brest-fete-la-marine\\\/\",\"name\":\"Brest f\u00eate la marine - Brest Marinas\",\"isPartOf\":{\"@id\":\"https:\\\/\\\/www.marinasbrest.fr\\\/en\\\/#website\"},\"primaryImageOfPage\":{\"@id\":\"https:\\\/\\\/www.marinasbrest.fr\\\/en\\\/all-events\\\/brest-fete-la-marine\\\/#primaryimage\"},\"image\":{\"@id\":\"https:\\\/\\\/www.marinasbrest.fr\\\/en\\\/all-events\\\/brest-fete-la-marine\\\/#primaryimage\"},\"thumbnailUrl\":\"https:\\\/\\\/www.marinasbrest.fr\\\/wp-content\\\/uploads\\\/2026\\\/04\\\/Affiche-Brest-fete-la-Marine-1.png\",\"datePublished\":\"2026-04-30T08:00:11+00:00\",\"dateModified\":\"2026-04-30T08:21:29+00:00\",\"description\":\"Venez c\u00e9l\u00e9brer \u00e0 Brest 400 ans d\u2019histoire de la Marine, de la Royale \u00e0 la Nationale.\",\"breadcrumb\":{\"@id\":\"https:\\\/\\\/www.marinasbrest.fr\\\/en\\\/all-events\\\/brest-fete-la-marine\\\/#breadcrumb\"},\"inLanguage\":\"en-US\",\"potentialAction\":[{\"@type\":\"ReadAction\",\"target\":[\"https:\\\/\\\/www.marinasbrest.fr\\\/en\\\/all-events\\\/brest-fete-la-marine\\\/\"]}]},{\"@type\":\"ImageObject\",\"inLanguage\":\"en-US\",\"@id\":\"https:\\\/\\\/www.marinasbrest.fr\\\/en\\\/all-events\\\/brest-fete-la-marine\\\/#primaryimage\",\"url\":\"https:\\\/\\\/www.marinasbrest.fr\\\/wp-content\\\/uploads\\\/2026\\\/04\\\/Affiche-Brest-fete-la-Marine-1.png\",\"contentUrl\":\"https:\\\/\\\/www.marinasbrest.fr\\\/wp-content\\\/uploads\\\/2026\\\/04\\\/Affiche-Brest-fete-la-Marine-1.png\",\"width\":792,\"height\":445},{\"@type\":\"BreadcrumbList\",\"@id\":\"https:\\\/\\\/www.marinasbrest.fr\\\/en\\\/all-events\\\/brest-fete-la-marine\\\/#breadcrumb\",\"itemListElement\":[{\"@type\":\"ListItem\",\"position\":1,\"name\":\"Accueil\",\"item\":\"https:\\\/\\\/www.marinasbrest.fr\\\/en\\\/\"},{\"@type\":\"ListItem\",\"position\":2,\"name\":\"Brest f\u00eate la marine\"}]},{\"@type\":\"WebSite\",\"@id\":\"https:\\\/\\\/www.marinasbrest.fr\\\/en\\\/#website\",\"url\":\"https:\\\/\\\/www.marinasbrest.fr\\\/en\\\/\",\"name\":\"Brest Marinas\",\"description\":\"Deux marinas pour votre escale dans l&#039;une des plus belles rades du Monde\",\"publisher\":{\"@id\":\"https:\\\/\\\/www.marinasbrest.fr\\\/en\\\/#organization\"},\"potentialAction\":[{\"@type\":\"SearchAction\",\"target\":{\"@type\":\"EntryPoint\",\"urlTemplate\":\"https:\\\/\\\/www.marinasbrest.fr\\\/en\\\/?s={search_term_string}\"},\"query-input\":{\"@type\":\"PropertyValueSpecification\",\"valueRequired\":true,\"valueName\":\"search_term_string\"}}],\"inLanguage\":\"en-US\"},{\"@type\":\"Organization\",\"@id\":\"https:\\\/\\\/www.marinasbrest.fr\\\/en\\\/#organization\",\"name\":\"Les Marinas de Brest\",\"url\":\"https:\\\/\\\/www.marinasbrest.fr\\\/en\\\/\",\"logo\":{\"@type\":\"ImageObject\",\"inLanguage\":\"en-US\",\"@id\":\"https:\\\/\\\/www.marinasbrest.fr\\\/en\\\/#\\\/schema\\\/logo\\\/image\\\/\",\"url\":\"https:\\\/\\\/www.marinasbrest.fr\\\/wp-content\\\/uploads\\\/2021\\\/11\\\/logo.png\",\"contentUrl\":\"https:\\\/\\\/www.marinasbrest.fr\\\/wp-content\\\/uploads\\\/2021\\\/11\\\/logo.png\",\"width\":484,\"height\":484,\"caption\":\"Les Marinas de Brest\"},\"image\":{\"@id\":\"https:\\\/\\\/www.marinasbrest.fr\\\/en\\\/#\\\/schema\\\/logo\\\/image\\\/\"},\"sameAs\":[\"https:\\\/\\\/www.facebook.com\\\/marinasbrest\\\/\"]}]}<\/script>\n<!-- \/ Yoast SEO plugin. -->","yoast_head_json":{"title":"Brest f\u00eate la marine - Brest Marinas","description":"Venez c\u00e9l\u00e9brer \u00e0 Brest 400 ans d\u2019histoire de la Marine, de la Royale \u00e0 la Nationale.","robots":{"index":"index","follow":"follow","max-snippet":"max-snippet:-1","max-image-preview":"max-image-preview:large","max-video-preview":"max-video-preview:-1"},"canonical":"https:\/\/www.marinasbrest.fr\/en\/all-events\/brest-fete-la-marine\/","og_locale":"en_US","og_type":"article","og_title":"Brest f\u00eate la marine - Brest Marinas","og_description":"Venez c\u00e9l\u00e9brer \u00e0 Brest 400 ans d\u2019histoire de la Marine, de la Royale \u00e0 la Nationale.","og_url":"https:\/\/www.marinasbrest.fr\/en\/all-events\/brest-fete-la-marine\/","og_site_name":"Brest Marinas","article_publisher":"https:\/\/www.facebook.com\/marinasbrest\/","article_modified_time":"2026-04-30T08:21:29+00:00","og_image":[{"width":792,"height":445,"url":"https:\/\/www.marinasbrest.fr\/wp-content\/uploads\/2026\/04\/Affiche-Brest-fete-la-Marine-1.png","type":"image\/png"}],"twitter_card":"summary_large_image","twitter_misc":{"Est. reading time":"1 minute"},"schema":{"@context":"https:\/\/schema.org","@graph":[{"@type":"WebPage","@id":"https:\/\/www.marinasbrest.fr\/en\/all-events\/brest-fete-la-marine\/","url":"https:\/\/www.marinasbrest.fr\/en\/all-events\/brest-fete-la-marine\/","name":"Brest f\u00eate la marine - Brest Marinas","isPartOf":{"@id":"https:\/\/www.marinasbrest.fr\/en\/#website"},"primaryImageOfPage":{"@id":"https:\/\/www.marinasbrest.fr\/en\/all-events\/brest-fete-la-marine\/#primaryimage"},"image":{"@id":"https:\/\/www.marinasbrest.fr\/en\/all-events\/brest-fete-la-marine\/#primaryimage"},"thumbnailUrl":"https:\/\/www.marinasbrest.fr\/wp-content\/uploads\/2026\/04\/Affiche-Brest-fete-la-Marine-1.png","datePublished":"2026-04-30T08:00:11+00:00","dateModified":"2026-04-30T08:21:29+00:00","description":"Venez c\u00e9l\u00e9brer \u00e0 Brest 400 ans d\u2019histoire de la Marine, de la Royale \u00e0 la Nationale.","breadcrumb":{"@id":"https:\/\/www.marinasbrest.fr\/en\/all-events\/brest-fete-la-marine\/#breadcrumb"},"inLanguage":"en-US","potentialAction":[{"@type":"ReadAction","target":["https:\/\/www.marinasbrest.fr\/en\/all-events\/brest-fete-la-marine\/"]}]},{"@type":"ImageObject","inLanguage":"en-US","@id":"https:\/\/www.marinasbrest.fr\/en\/all-events\/brest-fete-la-marine\/#primaryimage","url":"https:\/\/www.marinasbrest.fr\/wp-content\/uploads\/2026\/04\/Affiche-Brest-fete-la-Marine-1.png","contentUrl":"https:\/\/www.marinasbrest.fr\/wp-content\/uploads\/2026\/04\/Affiche-Brest-fete-la-Marine-1.png","width":792,"height":445},{"@type":"BreadcrumbList","@id":"https:\/\/www.marinasbrest.fr\/en\/all-events\/brest-fete-la-marine\/#breadcrumb","itemListElement":[{"@type":"ListItem","position":1,"name":"Accueil","item":"https:\/\/www.marinasbrest.fr\/en\/"},{"@type":"ListItem","position":2,"name":"Brest f\u00eate la marine"}]},{"@type":"WebSite","@id":"https:\/\/www.marinasbrest.fr\/en\/#website","url":"https:\/\/www.marinasbrest.fr\/en\/","name":"Brest Marinas","description":"Deux marinas pour votre escale dans l&#039;une des plus belles rades du Monde","publisher":{"@id":"https:\/\/www.marinasbrest.fr\/en\/#organization"},"potentialAction":[{"@type":"SearchAction","target":{"@type":"EntryPoint","urlTemplate":"https:\/\/www.marinasbrest.fr\/en\/?s={search_term_string}"},"query-input":{"@type":"PropertyValueSpecification","valueRequired":true,"valueName":"search_term_string"}}],"inLanguage":"en-US"},{"@type":"Organization","@id":"https:\/\/www.marinasbrest.fr\/en\/#organization","name":"Les Marinas de Brest","url":"https:\/\/www.marinasbrest.fr\/en\/","logo":{"@type":"ImageObject","inLanguage":"en-US","@id":"https:\/\/www.marinasbrest.fr\/en\/#\/schema\/logo\/image\/","url":"https:\/\/www.marinasbrest.fr\/wp-content\/uploads\/2021\/11\/logo.png","contentUrl":"https:\/\/www.marinasbrest.fr\/wp-content\/uploads\/2021\/11\/logo.png","width":484,"height":484,"caption":"Les Marinas de Brest"},"image":{"@id":"https:\/\/www.marinasbrest.fr\/en\/#\/schema\/logo\/image\/"},"sameAs":["https:\/\/www.facebook.com\/marinasbrest\/"]}]}},"_links":{"self":[{"href":"https:\/\/www.marinasbrest.fr\/en\/wp-json\/wp\/v2\/cpt_evenements\/15177","targetHints":{"allow":["GET"]}}],"collection":[{"href":"https:\/\/www.marinasbrest.fr\/en\/wp-json\/wp\/v2\/cpt_evenements"}],"about":[{"href":"https:\/\/www.marinasbrest.fr\/en\/wp-json\/wp\/v2\/types\/cpt_evenements"}],"author":[{"embeddable":true,"href":"https:\/\/www.marinasbrest.fr\/en\/wp-json\/wp\/v2\/users\/6"}],"version-history":[{"count":2,"href":"https:\/\/www.marinasbrest.fr\/en\/wp-json\/wp\/v2\/cpt_evenements\/15177\/revisions"}],"predecessor-version":[{"id":15187,"href":"https:\/\/www.marinasbrest.fr\/en\/wp-json\/wp\/v2\/cpt_evenements\/15177\/revisions\/15187"}],"wp:featuredmedia":[{"embeddable":true,"href":"https:\/\/www.marinasbrest.fr\/en\/wp-json\/wp\/v2\/media\/15180"}],"wp:attachment":[{"href":"https:\/\/www.marinasbrest.fr\/en\/wp-json\/wp\/v2\/media?parent=15177"}],"wp:term":[{"taxonomy":"taxo_tags_events","embeddable":true,"href":"https:\/\/www.marinasbrest.fr\/en\/wp-json\/wp\/v2\/taxo_tags_events?post=15177"}],"curies":[{"name":"wp","href":"https:\/\/api.w.org\/{rel}","templated":true}]}}

Brest fête la marine

<p>Événement populaire et tourné vers la jeunesse, les territoires et l’avenir, cette manifestation mettra à l’honneur le riche patrimoine maritime de Brest, notamment celui de la Marine nationale, tout en rappelant que la France est une grande nation maritime.</p>



<p>Pendant cinq jours, le public pourra profiter d’un programme riche et varié : présence de navires de la Marine, grands voiliers et bateaux du patrimoine, visites de navires, sorties en mer, animations, illuminations, concerts, food court et espaces dédiés à l’histoire maritime de Brest.</p>



<p>Temps fort incontournable, le feu d’artifice de la Fête nationale viendra illuminer la rade le 14 juillet.</p>



<h3 class="wp-block-heading">Programme</h3>



<p><strong>10 juillet</strong> : soirée d’inauguration, ouverture à 17h et concerts<br><strong>11 juillet</strong> : lancement de la billetterie des Fêtes maritimes et animations musicales<br><strong>12 juillet</strong> : conférences thématiques et concert<br><strong>13 juillet</strong> : bal des marins (format guinguette) et feu d’artifice</p>



<p><a href="https://www.defense.gouv.fr/marine/evenements/brest-fete-marine">https://www.defense.gouv.fr/marine/evenements/brest-fete-marine</a></p>



<p></p>

<!-- This site is optimized with the Yoast SEO plugin v27.4 - https://yoast.com/product/yoast-seo-wordpress/ -->
<title>Brest fête la marine - Brest Marinas</title>
<meta name="description" content="Venez célébrer à Brest 400 ans d’histoire de la Marine, de la Royale à la Nationale." />
<meta name="robots" content="index, follow, max-snippet:-1, max-image-preview:large, max-video-preview:-1" />
<link rel="canonical" href="https://www.marinasbrest.fr/en/all-events/brest-fete-la-marine/" />
<meta property="og:locale" content="en_US" />
<meta property="og:type" content="article" />
<meta property="og:title" content="Brest fête la marine - Brest Marinas" />
<meta property="og:description" content="Venez célébrer à Brest 400 ans d’histoire de la Marine, de la Royale à la Nationale." />
<meta property="og:url" content="https://www.marinasbrest.fr/en/all-events/brest-fete-la-marine/" />
<meta property="og:site_name" content="Brest Marinas" />
<meta property="article:publisher" content="https://www.facebook.com/marinasbrest/" />
<meta property="article:modified_time" content="2026-04-30T08:21:29+00:00" />
<meta property="og:image" content="https://www.marinasbrest.fr/wp-content/uploads/2026/04/Affiche-Brest-fete-la-Marine-1.png" />
	<meta property="og:image:width" content="792" />
	<meta property="og:image:height" content="445" />
	<meta property="og:image:type" content="image/png" />
<meta name="twitter:card" content="summary_large_image" />
<meta name="twitter:label1" content="Est. reading time" />
	<meta name="twitter:data1" content="1 minute" />
<script type="application/ld+json" class="yoast-schema-graph">{"@context":"https:\/\/schema.org","@graph":[{"@type":"WebPage","@id":"https:\/\/www.marinasbrest.fr\/en\/all-events\/brest-fete-la-marine\/","url":"https:\/\/www.marinasbrest.fr\/en\/all-events\/brest-fete-la-marine\/","name":"Brest fête la marine - Brest Marinas","isPartOf":{"@id":"https:\/\/www.marinasbrest.fr\/en\/#website"},"primaryImageOfPage":{"@id":"https:\/\/www.marinasbrest.fr\/en\/all-events\/brest-fete-la-marine\/#primaryimage"},"image":{"@id":"https:\/\/www.marinasbrest.fr\/en\/all-events\/brest-fete-la-marine\/#primaryimage"},"thumbnailUrl":"https:\/\/www.marinasbrest.fr\/wp-content\/uploads\/2026\/04\/Affiche-Brest-fete-la-Marine-1.png","datePublished":"2026-04-30T08:00:11+00:00","dateModified":"2026-04-30T08:21:29+00:00","description":"Venez célébrer à Brest 400 ans d’histoire de la Marine, de la Royale à la Nationale.","breadcrumb":{"@id":"https:\/\/www.marinasbrest.fr\/en\/all-events\/brest-fete-la-marine\/#breadcrumb"},"inLanguage":"en-US","potentialAction":[{"@type":"ReadAction","target":["https:\/\/www.marinasbrest.fr\/en\/all-events\/brest-fete-la-marine\/"]}]},{"@type":"ImageObject","inLanguage":"en-US","@id":"https:\/\/www.marinasbrest.fr\/en\/all-events\/brest-fete-la-marine\/#primaryimage","url":"https:\/\/www.marinasbrest.fr\/wp-content\/uploads\/2026\/04\/Affiche-Brest-fete-la-Marine-1.png","contentUrl":"https:\/\/www.marinasbrest.fr\/wp-content\/uploads\/2026\/04\/Affiche-Brest-fete-la-Marine-1.png","width":792,"height":445},{"@type":"BreadcrumbList","@id":"https:\/\/www.marinasbrest.fr\/en\/all-events\/brest-fete-la-marine\/#breadcrumb","itemListElement":[{"@type":"ListItem","position":1,"name":"Accueil","item":"https:\/\/www.marinasbrest.fr\/en\/"},{"@type":"ListItem","position":2,"name":"Brest fête la marine"}]},{"@type":"WebSite","@id":"https:\/\/www.marinasbrest.fr\/en\/#website","url":"https:\/\/www.marinasbrest.fr\/en\/","name":"Brest Marinas","description":"Deux marinas pour votre escale dans l&#039;une des plus belles rades du Monde","publisher":{"@id":"https:\/\/www.marinasbrest.fr\/en\/#organization"},"potentialAction":[{"@type":"SearchAction","target":{"@type":"EntryPoint","urlTemplate":"https:\/\/www.marinasbrest.fr\/en\/?s={search_term_string}"},"query-input":{"@type":"PropertyValueSpecification","valueRequired":true,"valueName":"search_term_string"}}],"inLanguage":"en-US"},{"@type":"Organization","@id":"https:\/\/www.marinasbrest.fr\/en\/#organization","name":"Les Marinas de Brest","url":"https:\/\/www.marinasbrest.fr\/en\/","logo":{"@type":"ImageObject","inLanguage":"en-US","@id":"https:\/\/www.marinasbrest.fr\/en\/#\/schema\/logo\/image\/","url":"https:\/\/www.marinasbrest.fr\/wp-content\/uploads\/2021\/11\/logo.png","contentUrl":"https:\/\/www.marinasbrest.fr\/wp-content\/uploads\/2021\/11\/logo.png","width":484,"height":484,"caption":"Les Marinas de Brest"},"image":{"@id":"https:\/\/www.marinasbrest.fr\/en\/#\/schema\/logo\/image\/"},"sameAs":["https:\/\/www.facebook.com\/marinasbrest\/"]}]}</script>
<!-- / Yoast SEO plugin. -->

Brest fête la marine - Brest Marinas

Venez célébrer à Brest 400 ans d’histoire de la Marine, de la Royale à la Nationale.
