{"id":15006,"date":"2026-03-06T10:47:58","date_gmt":"2026-03-06T09:47:58","guid":{"rendered":"https:\/\/www.marinasbrest.fr\/?post_type=cpt_evenements&#038;p=15006"},"modified":"2026-03-06T13:36:07","modified_gmt":"2026-03-06T12:36:07","slug":"defis-plastique","status":"publish","type":"cpt_evenements","link":"https:\/\/www.marinasbrest.fr\/en\/all-events\/defis-plastique\/","title":{"rendered":"D\u00e9fi plastique !"},"content":{"rendered":"\n<p>Le <strong>samedi 7 mars 2026, de 10h \u00e0 12h<\/strong>, participez \u00e0 la grande collecte participative annuelle de d\u00e9chets, port\u00e9e par le <strong>Fonds de dotation Oc\u00e9anopolis Acts<\/strong>.<\/p>\n\n\n\n<p>Pendant <strong>2 heures<\/strong>, venez ramasser, trier et cat\u00e9goriser les d\u00e9chets sur plusieurs sites de la m\u00e9tropole, accompagn\u00e9s de <strong>scientifiques de l\u2019oc\u00e9an, d\u2019acteurs publics de l\u2019eau et de l\u2019environnement, d\u2019associations et de soci\u00e9t\u00e9s mobilis\u00e9es autour des d\u00e9chets marins<\/strong>. Une occasion unique de sensibilisation et d\u2019action concr\u00e8te pour nos oc\u00e9ans et la biodiversit\u00e9 !<\/p>\n\n\n\n<h3 class=\"wp-block-heading\">\ud83d\udccd Sites avec <strong>quelques places encore disponibles<\/strong> :<\/h3>\n\n\n\n<ul class=\"wp-block-list\">\n<li><strong>Place de la Libert\u00e9 \u2013 Brest Centre-Ville<\/strong><\/li>\n\n\n\n<li><strong>Centre-Bourg \u2013 Place de l\u2019\u00c9glise \u2013 Plougastel-Daoulas<\/strong><\/li>\n<\/ul>\n\n\n\n<p><strong>Inscription obligatoire<\/strong> : <a href=\"https:\/\/www.oceanopolis-acts.fr\/defi-plastique-2h-pour...\">https:\/\/www.oceanopolis-acts.fr\/defi-plastique-2h-pour\u2026<\/a><\/p>\n\n\n\n<p>Mat\u00e9riel de collecte fourni sur place. Pensez \u00e0 pr\u00e9voir <strong>chaussures ferm\u00e9es, v\u00eatement chaud et imperm\u00e9able<\/strong>, vos gants si vous le souhaitez, et votre tasse\/verre pour le caf\u00e9 offert.<\/p>\n","protected":false},"excerpt":{"rendered":"","protected":false},"author":6,"featured_media":15007,"parent":0,"template":"","taxo_tags_events":[52],"class_list":["post-15006","cpt_evenements","type-cpt_evenements","status-publish","has-post-thumbnail","hentry"],"acf":[],"yoast_head":"<!-- This site is optimized with the Yoast SEO plugin v27.4 - https:\/\/yoast.com\/product\/yoast-seo-wordpress\/ -->\n<title>D\u00e9fi plastique ! - Brest Marinas<\/title>\n<meta name=\"description\" content=\"Participez \u00e0 la grande collecte citoyenne et participative annuelle de d\u00e9chets le samedi 7 mars de 10h \u00e0 12h.\" \/>\n<meta name=\"robots\" content=\"index, follow, max-snippet:-1, max-image-preview:large, max-video-preview:-1\" \/>\n<link rel=\"canonical\" href=\"https:\/\/www.marinasbrest.fr\/en\/all-events\/defis-plastique\/\" \/>\n<meta property=\"og:locale\" content=\"en_US\" \/>\n<meta property=\"og:type\" content=\"article\" \/>\n<meta property=\"og:title\" content=\"D\u00e9fi plastique ! - Brest Marinas\" \/>\n<meta property=\"og:description\" content=\"Participez \u00e0 la grande collecte citoyenne et participative annuelle de d\u00e9chets le samedi 7 mars de 10h \u00e0 12h.\" \/>\n<meta property=\"og:url\" content=\"https:\/\/www.marinasbrest.fr\/en\/all-events\/defis-plastique\/\" \/>\n<meta property=\"og:site_name\" content=\"Brest Marinas\" \/>\n<meta property=\"article:publisher\" content=\"https:\/\/www.facebook.com\/marinasbrest\/\" \/>\n<meta property=\"article:modified_time\" content=\"2026-03-06T12:36:07+00:00\" \/>\n<meta property=\"og:image\" content=\"https:\/\/www.marinasbrest.fr\/wp-content\/uploads\/2026\/03\/Capture-decran-2025-02-24-a-12.35.52.png\" \/>\n\t<meta property=\"og:image:width\" content=\"1336\" \/>\n\t<meta property=\"og:image:height\" content=\"614\" \/>\n\t<meta property=\"og:image:type\" content=\"image\/png\" \/>\n<meta name=\"twitter:card\" content=\"summary_large_image\" \/>\n<meta name=\"twitter:label1\" content=\"Est. reading time\" \/>\n\t<meta name=\"twitter:data1\" content=\"1 minute\" \/>\n<script type=\"application\/ld+json\" class=\"yoast-schema-graph\">{\"@context\":\"https:\\\/\\\/schema.org\",\"@graph\":[{\"@type\":\"WebPage\",\"@id\":\"https:\\\/\\\/www.marinasbrest.fr\\\/en\\\/all-events\\\/defis-plastique\\\/\",\"url\":\"https:\\\/\\\/www.marinasbrest.fr\\\/en\\\/all-events\\\/defis-plastique\\\/\",\"name\":\"D\u00e9fi plastique ! - Brest Marinas\",\"isPartOf\":{\"@id\":\"https:\\\/\\\/www.marinasbrest.fr\\\/en\\\/#website\"},\"primaryImageOfPage\":{\"@id\":\"https:\\\/\\\/www.marinasbrest.fr\\\/en\\\/all-events\\\/defis-plastique\\\/#primaryimage\"},\"image\":{\"@id\":\"https:\\\/\\\/www.marinasbrest.fr\\\/en\\\/all-events\\\/defis-plastique\\\/#primaryimage\"},\"thumbnailUrl\":\"https:\\\/\\\/www.marinasbrest.fr\\\/wp-content\\\/uploads\\\/2026\\\/03\\\/Capture-decran-2025-02-24-a-12.35.52.png\",\"datePublished\":\"2026-03-06T09:47:58+00:00\",\"dateModified\":\"2026-03-06T12:36:07+00:00\",\"description\":\"Participez \u00e0 la grande collecte citoyenne et participative annuelle de d\u00e9chets le samedi 7 mars de 10h \u00e0 12h.\",\"breadcrumb\":{\"@id\":\"https:\\\/\\\/www.marinasbrest.fr\\\/en\\\/all-events\\\/defis-plastique\\\/#breadcrumb\"},\"inLanguage\":\"en-US\",\"potentialAction\":[{\"@type\":\"ReadAction\",\"target\":[\"https:\\\/\\\/www.marinasbrest.fr\\\/en\\\/all-events\\\/defis-plastique\\\/\"]}]},{\"@type\":\"ImageObject\",\"inLanguage\":\"en-US\",\"@id\":\"https:\\\/\\\/www.marinasbrest.fr\\\/en\\\/all-events\\\/defis-plastique\\\/#primaryimage\",\"url\":\"https:\\\/\\\/www.marinasbrest.fr\\\/wp-content\\\/uploads\\\/2026\\\/03\\\/Capture-decran-2025-02-24-a-12.35.52.png\",\"contentUrl\":\"https:\\\/\\\/www.marinasbrest.fr\\\/wp-content\\\/uploads\\\/2026\\\/03\\\/Capture-decran-2025-02-24-a-12.35.52.png\",\"width\":1336,\"height\":614},{\"@type\":\"BreadcrumbList\",\"@id\":\"https:\\\/\\\/www.marinasbrest.fr\\\/en\\\/all-events\\\/defis-plastique\\\/#breadcrumb\",\"itemListElement\":[{\"@type\":\"ListItem\",\"position\":1,\"name\":\"Accueil\",\"item\":\"https:\\\/\\\/www.marinasbrest.fr\\\/en\\\/\"},{\"@type\":\"ListItem\",\"position\":2,\"name\":\"D\u00e9fi plastique !\"}]},{\"@type\":\"WebSite\",\"@id\":\"https:\\\/\\\/www.marinasbrest.fr\\\/en\\\/#website\",\"url\":\"https:\\\/\\\/www.marinasbrest.fr\\\/en\\\/\",\"name\":\"Brest Marinas\",\"description\":\"Deux marinas pour votre escale dans l&#039;une des plus belles rades du Monde\",\"publisher\":{\"@id\":\"https:\\\/\\\/www.marinasbrest.fr\\\/en\\\/#organization\"},\"potentialAction\":[{\"@type\":\"SearchAction\",\"target\":{\"@type\":\"EntryPoint\",\"urlTemplate\":\"https:\\\/\\\/www.marinasbrest.fr\\\/en\\\/?s={search_term_string}\"},\"query-input\":{\"@type\":\"PropertyValueSpecification\",\"valueRequired\":true,\"valueName\":\"search_term_string\"}}],\"inLanguage\":\"en-US\"},{\"@type\":\"Organization\",\"@id\":\"https:\\\/\\\/www.marinasbrest.fr\\\/en\\\/#organization\",\"name\":\"Les Marinas de Brest\",\"url\":\"https:\\\/\\\/www.marinasbrest.fr\\\/en\\\/\",\"logo\":{\"@type\":\"ImageObject\",\"inLanguage\":\"en-US\",\"@id\":\"https:\\\/\\\/www.marinasbrest.fr\\\/en\\\/#\\\/schema\\\/logo\\\/image\\\/\",\"url\":\"https:\\\/\\\/www.marinasbrest.fr\\\/wp-content\\\/uploads\\\/2021\\\/11\\\/logo.png\",\"contentUrl\":\"https:\\\/\\\/www.marinasbrest.fr\\\/wp-content\\\/uploads\\\/2021\\\/11\\\/logo.png\",\"width\":484,\"height\":484,\"caption\":\"Les Marinas de Brest\"},\"image\":{\"@id\":\"https:\\\/\\\/www.marinasbrest.fr\\\/en\\\/#\\\/schema\\\/logo\\\/image\\\/\"},\"sameAs\":[\"https:\\\/\\\/www.facebook.com\\\/marinasbrest\\\/\"]}]}<\/script>\n<!-- \/ Yoast SEO plugin. -->","yoast_head_json":{"title":"D\u00e9fi plastique ! - Brest Marinas","description":"Participez \u00e0 la grande collecte citoyenne et participative annuelle de d\u00e9chets le samedi 7 mars de 10h \u00e0 12h.","robots":{"index":"index","follow":"follow","max-snippet":"max-snippet:-1","max-image-preview":"max-image-preview:large","max-video-preview":"max-video-preview:-1"},"canonical":"https:\/\/www.marinasbrest.fr\/en\/all-events\/defis-plastique\/","og_locale":"en_US","og_type":"article","og_title":"D\u00e9fi plastique ! - Brest Marinas","og_description":"Participez \u00e0 la grande collecte citoyenne et participative annuelle de d\u00e9chets le samedi 7 mars de 10h \u00e0 12h.","og_url":"https:\/\/www.marinasbrest.fr\/en\/all-events\/defis-plastique\/","og_site_name":"Brest Marinas","article_publisher":"https:\/\/www.facebook.com\/marinasbrest\/","article_modified_time":"2026-03-06T12:36:07+00:00","og_image":[{"width":1336,"height":614,"url":"https:\/\/www.marinasbrest.fr\/wp-content\/uploads\/2026\/03\/Capture-decran-2025-02-24-a-12.35.52.png","type":"image\/png"}],"twitter_card":"summary_large_image","twitter_misc":{"Est. reading time":"1 minute"},"schema":{"@context":"https:\/\/schema.org","@graph":[{"@type":"WebPage","@id":"https:\/\/www.marinasbrest.fr\/en\/all-events\/defis-plastique\/","url":"https:\/\/www.marinasbrest.fr\/en\/all-events\/defis-plastique\/","name":"D\u00e9fi plastique ! - Brest Marinas","isPartOf":{"@id":"https:\/\/www.marinasbrest.fr\/en\/#website"},"primaryImageOfPage":{"@id":"https:\/\/www.marinasbrest.fr\/en\/all-events\/defis-plastique\/#primaryimage"},"image":{"@id":"https:\/\/www.marinasbrest.fr\/en\/all-events\/defis-plastique\/#primaryimage"},"thumbnailUrl":"https:\/\/www.marinasbrest.fr\/wp-content\/uploads\/2026\/03\/Capture-decran-2025-02-24-a-12.35.52.png","datePublished":"2026-03-06T09:47:58+00:00","dateModified":"2026-03-06T12:36:07+00:00","description":"Participez \u00e0 la grande collecte citoyenne et participative annuelle de d\u00e9chets le samedi 7 mars de 10h \u00e0 12h.","breadcrumb":{"@id":"https:\/\/www.marinasbrest.fr\/en\/all-events\/defis-plastique\/#breadcrumb"},"inLanguage":"en-US","potentialAction":[{"@type":"ReadAction","target":["https:\/\/www.marinasbrest.fr\/en\/all-events\/defis-plastique\/"]}]},{"@type":"ImageObject","inLanguage":"en-US","@id":"https:\/\/www.marinasbrest.fr\/en\/all-events\/defis-plastique\/#primaryimage","url":"https:\/\/www.marinasbrest.fr\/wp-content\/uploads\/2026\/03\/Capture-decran-2025-02-24-a-12.35.52.png","contentUrl":"https:\/\/www.marinasbrest.fr\/wp-content\/uploads\/2026\/03\/Capture-decran-2025-02-24-a-12.35.52.png","width":1336,"height":614},{"@type":"BreadcrumbList","@id":"https:\/\/www.marinasbrest.fr\/en\/all-events\/defis-plastique\/#breadcrumb","itemListElement":[{"@type":"ListItem","position":1,"name":"Accueil","item":"https:\/\/www.marinasbrest.fr\/en\/"},{"@type":"ListItem","position":2,"name":"D\u00e9fi plastique !"}]},{"@type":"WebSite","@id":"https:\/\/www.marinasbrest.fr\/en\/#website","url":"https:\/\/www.marinasbrest.fr\/en\/","name":"Brest Marinas","description":"Deux marinas pour votre escale dans l&#039;une des plus belles rades du Monde","publisher":{"@id":"https:\/\/www.marinasbrest.fr\/en\/#organization"},"potentialAction":[{"@type":"SearchAction","target":{"@type":"EntryPoint","urlTemplate":"https:\/\/www.marinasbrest.fr\/en\/?s={search_term_string}"},"query-input":{"@type":"PropertyValueSpecification","valueRequired":true,"valueName":"search_term_string"}}],"inLanguage":"en-US"},{"@type":"Organization","@id":"https:\/\/www.marinasbrest.fr\/en\/#organization","name":"Les Marinas de Brest","url":"https:\/\/www.marinasbrest.fr\/en\/","logo":{"@type":"ImageObject","inLanguage":"en-US","@id":"https:\/\/www.marinasbrest.fr\/en\/#\/schema\/logo\/image\/","url":"https:\/\/www.marinasbrest.fr\/wp-content\/uploads\/2021\/11\/logo.png","contentUrl":"https:\/\/www.marinasbrest.fr\/wp-content\/uploads\/2021\/11\/logo.png","width":484,"height":484,"caption":"Les Marinas de Brest"},"image":{"@id":"https:\/\/www.marinasbrest.fr\/en\/#\/schema\/logo\/image\/"},"sameAs":["https:\/\/www.facebook.com\/marinasbrest\/"]}]}},"_links":{"self":[{"href":"https:\/\/www.marinasbrest.fr\/en\/wp-json\/wp\/v2\/cpt_evenements\/15006","targetHints":{"allow":["GET"]}}],"collection":[{"href":"https:\/\/www.marinasbrest.fr\/en\/wp-json\/wp\/v2\/cpt_evenements"}],"about":[{"href":"https:\/\/www.marinasbrest.fr\/en\/wp-json\/wp\/v2\/types\/cpt_evenements"}],"author":[{"embeddable":true,"href":"https:\/\/www.marinasbrest.fr\/en\/wp-json\/wp\/v2\/users\/6"}],"version-history":[{"count":2,"href":"https:\/\/www.marinasbrest.fr\/en\/wp-json\/wp\/v2\/cpt_evenements\/15006\/revisions"}],"predecessor-version":[{"id":15011,"href":"https:\/\/www.marinasbrest.fr\/en\/wp-json\/wp\/v2\/cpt_evenements\/15006\/revisions\/15011"}],"wp:featuredmedia":[{"embeddable":true,"href":"https:\/\/www.marinasbrest.fr\/en\/wp-json\/wp\/v2\/media\/15007"}],"wp:attachment":[{"href":"https:\/\/www.marinasbrest.fr\/en\/wp-json\/wp\/v2\/media?parent=15006"}],"wp:term":[{"taxonomy":"taxo_tags_events","embeddable":true,"href":"https:\/\/www.marinasbrest.fr\/en\/wp-json\/wp\/v2\/taxo_tags_events?post=15006"}],"curies":[{"name":"wp","href":"https:\/\/api.w.org\/{rel}","templated":true}]}}

Défi plastique !

<p>Le <strong>samedi 7 mars 2026, de 10h à 12h</strong>, participez à la grande collecte participative annuelle de déchets, portée par le <strong>Fonds de dotation Océanopolis Acts</strong>.</p>



<p>Pendant <strong>2 heures</strong>, venez ramasser, trier et catégoriser les déchets sur plusieurs sites de la métropole, accompagnés de <strong>scientifiques de l’océan, d’acteurs publics de l’eau et de l’environnement, d’associations et de sociétés mobilisées autour des déchets marins</strong>. Une occasion unique de sensibilisation et d’action concrète pour nos océans et la biodiversité !</p>



<h3 class="wp-block-heading">📍 Sites avec <strong>quelques places encore disponibles</strong> :</h3>



<ul class="wp-block-list">
<li><strong>Place de la Liberté – Brest Centre-Ville</strong></li>



<li><strong>Centre-Bourg – Place de l’Église – Plougastel-Daoulas</strong></li>
</ul>



<p><strong>Inscription obligatoire</strong> : <a href="https://www.oceanopolis-acts.fr/defi-plastique-2h-pour...">https://www.oceanopolis-acts.fr/defi-plastique-2h-pour…</a></p>



<p>Matériel de collecte fourni sur place. Pensez à prévoir <strong>chaussures fermées, vêtement chaud et imperméable</strong>, vos gants si vous le souhaitez, et votre tasse/verre pour le café offert.</p>

<!-- This site is optimized with the Yoast SEO plugin v27.4 - https://yoast.com/product/yoast-seo-wordpress/ -->
<title>Défi plastique ! - Brest Marinas</title>
<meta name="description" content="Participez à la grande collecte citoyenne et participative annuelle de déchets le samedi 7 mars de 10h à 12h." />
<meta name="robots" content="index, follow, max-snippet:-1, max-image-preview:large, max-video-preview:-1" />
<link rel="canonical" href="https://www.marinasbrest.fr/en/all-events/defis-plastique/" />
<meta property="og:locale" content="en_US" />
<meta property="og:type" content="article" />
<meta property="og:title" content="Défi plastique ! - Brest Marinas" />
<meta property="og:description" content="Participez à la grande collecte citoyenne et participative annuelle de déchets le samedi 7 mars de 10h à 12h." />
<meta property="og:url" content="https://www.marinasbrest.fr/en/all-events/defis-plastique/" />
<meta property="og:site_name" content="Brest Marinas" />
<meta property="article:publisher" content="https://www.facebook.com/marinasbrest/" />
<meta property="article:modified_time" content="2026-03-06T12:36:07+00:00" />
<meta property="og:image" content="https://www.marinasbrest.fr/wp-content/uploads/2026/03/Capture-decran-2025-02-24-a-12.35.52.png" />
	<meta property="og:image:width" content="1336" />
	<meta property="og:image:height" content="614" />
	<meta property="og:image:type" content="image/png" />
<meta name="twitter:card" content="summary_large_image" />
<meta name="twitter:label1" content="Est. reading time" />
	<meta name="twitter:data1" content="1 minute" />
<script type="application/ld+json" class="yoast-schema-graph">{"@context":"https:\/\/schema.org","@graph":[{"@type":"WebPage","@id":"https:\/\/www.marinasbrest.fr\/en\/all-events\/defis-plastique\/","url":"https:\/\/www.marinasbrest.fr\/en\/all-events\/defis-plastique\/","name":"Défi plastique ! - Brest Marinas","isPartOf":{"@id":"https:\/\/www.marinasbrest.fr\/en\/#website"},"primaryImageOfPage":{"@id":"https:\/\/www.marinasbrest.fr\/en\/all-events\/defis-plastique\/#primaryimage"},"image":{"@id":"https:\/\/www.marinasbrest.fr\/en\/all-events\/defis-plastique\/#primaryimage"},"thumbnailUrl":"https:\/\/www.marinasbrest.fr\/wp-content\/uploads\/2026\/03\/Capture-decran-2025-02-24-a-12.35.52.png","datePublished":"2026-03-06T09:47:58+00:00","dateModified":"2026-03-06T12:36:07+00:00","description":"Participez à la grande collecte citoyenne et participative annuelle de déchets le samedi 7 mars de 10h à 12h.","breadcrumb":{"@id":"https:\/\/www.marinasbrest.fr\/en\/all-events\/defis-plastique\/#breadcrumb"},"inLanguage":"en-US","potentialAction":[{"@type":"ReadAction","target":["https:\/\/www.marinasbrest.fr\/en\/all-events\/defis-plastique\/"]}]},{"@type":"ImageObject","inLanguage":"en-US","@id":"https:\/\/www.marinasbrest.fr\/en\/all-events\/defis-plastique\/#primaryimage","url":"https:\/\/www.marinasbrest.fr\/wp-content\/uploads\/2026\/03\/Capture-decran-2025-02-24-a-12.35.52.png","contentUrl":"https:\/\/www.marinasbrest.fr\/wp-content\/uploads\/2026\/03\/Capture-decran-2025-02-24-a-12.35.52.png","width":1336,"height":614},{"@type":"BreadcrumbList","@id":"https:\/\/www.marinasbrest.fr\/en\/all-events\/defis-plastique\/#breadcrumb","itemListElement":[{"@type":"ListItem","position":1,"name":"Accueil","item":"https:\/\/www.marinasbrest.fr\/en\/"},{"@type":"ListItem","position":2,"name":"Défi plastique !"}]},{"@type":"WebSite","@id":"https:\/\/www.marinasbrest.fr\/en\/#website","url":"https:\/\/www.marinasbrest.fr\/en\/","name":"Brest Marinas","description":"Deux marinas pour votre escale dans l&#039;une des plus belles rades du Monde","publisher":{"@id":"https:\/\/www.marinasbrest.fr\/en\/#organization"},"potentialAction":[{"@type":"SearchAction","target":{"@type":"EntryPoint","urlTemplate":"https:\/\/www.marinasbrest.fr\/en\/?s={search_term_string}"},"query-input":{"@type":"PropertyValueSpecification","valueRequired":true,"valueName":"search_term_string"}}],"inLanguage":"en-US"},{"@type":"Organization","@id":"https:\/\/www.marinasbrest.fr\/en\/#organization","name":"Les Marinas de Brest","url":"https:\/\/www.marinasbrest.fr\/en\/","logo":{"@type":"ImageObject","inLanguage":"en-US","@id":"https:\/\/www.marinasbrest.fr\/en\/#\/schema\/logo\/image\/","url":"https:\/\/www.marinasbrest.fr\/wp-content\/uploads\/2021\/11\/logo.png","contentUrl":"https:\/\/www.marinasbrest.fr\/wp-content\/uploads\/2021\/11\/logo.png","width":484,"height":484,"caption":"Les Marinas de Brest"},"image":{"@id":"https:\/\/www.marinasbrest.fr\/en\/#\/schema\/logo\/image\/"},"sameAs":["https:\/\/www.facebook.com\/marinasbrest\/"]}]}</script>
<!-- / Yoast SEO plugin. -->

Défi plastique ! - Brest Marinas

Participez à la grande collecte citoyenne et participative annuelle de déchets le samedi 7 mars de 10h à 12h.
