{"id":14677,"date":"2025-11-17T15:23:22","date_gmt":"2025-11-17T14:23:22","guid":{"rendered":"https:\/\/www.marinasbrest.fr\/?post_type=cpt_evenements&#038;p=14677"},"modified":"2025-12-08T10:08:00","modified_gmt":"2025-12-08T09:08:00","slug":"stage-navigation","status":"publish","type":"cpt_evenements","link":"https:\/\/www.marinasbrest.fr\/en\/all-events\/stage-navigation\/","title":{"rendered":"STAGE \"NAVIGATION\""},"content":{"rendered":"\n<p>Bonjour \u00e0 tous,<\/p>\n\n\n\n<p><br>Pour les personnes qui n'ont pu venir \u00e0 la premi\u00e8re session, L'Amicale vous propose un nouveau\u00a0stage\u00a0\"NAVIGATION\" <strong>le samedi 13 d\u00e9cembre<\/strong> prochain de 09h00 \u00e0 12h00 toujours Yves Garo \u00e0 la barre. <\/p>\n\n\n\n<p>Le formation est gratuite et r\u00e9serv\u00e9e aux plaisanciers \u00e0 jour de leur cotisation ainsi qu'aux co-\u00e9quipiers\/i\u00e8res, Lecture de carte Marine et\u00a0 routage, les nombreuses informations et symboles, mar\u00e9es, courants etc...<\/p>\n\n\n\n<p><br>Pour les exercices, le support sera la carte Shom 7400. les outils : r\u00e8gle Cras, compas pointes s\u00e8ches, crayon, gomme Inscrivez-vous sans tarder les places sont limit\u00e9es \u00e0 8 personnes.<br>Dernier\u00a0stage\u00a0de l'ann\u00e9e.<\/p>\n\n\n\n<p><br>Joyeuses f\u00eates de fin d'ann\u00e9e \u00e0 tous<br>Amicalement<br>Georges Torillec<\/p>\n","protected":false},"excerpt":{"rendered":"","protected":false},"author":6,"featured_media":0,"parent":0,"template":"","taxo_tags_events":[138],"class_list":["post-14677","cpt_evenements","type-cpt_evenements","status-publish","hentry"],"acf":[],"yoast_head":"<!-- This site is optimized with the Yoast SEO plugin v27.4 - https:\/\/yoast.com\/product\/yoast-seo-wordpress\/ -->\n<title>STAGE &quot;NAVIGATION&quot; - Brest Marinas<\/title>\n<meta name=\"robots\" content=\"index, follow, max-snippet:-1, max-image-preview:large, max-video-preview:-1\" \/>\n<link rel=\"canonical\" href=\"https:\/\/www.marinasbrest.fr\/en\/all-events\/stage-navigation\/\" \/>\n<meta property=\"og:locale\" content=\"en_US\" \/>\n<meta property=\"og:type\" content=\"article\" \/>\n<meta property=\"og:title\" content=\"STAGE &quot;NAVIGATION&quot; - Brest Marinas\" \/>\n<meta property=\"og:url\" content=\"https:\/\/www.marinasbrest.fr\/en\/all-events\/stage-navigation\/\" \/>\n<meta property=\"og:site_name\" content=\"Brest Marinas\" \/>\n<meta property=\"article:publisher\" content=\"https:\/\/www.facebook.com\/marinasbrest\/\" \/>\n<meta property=\"article:modified_time\" content=\"2025-12-08T09:08:00+00:00\" \/>\n<meta name=\"twitter:card\" content=\"summary_large_image\" \/>\n<meta name=\"twitter:label1\" content=\"Est. reading time\" \/>\n\t<meta name=\"twitter:data1\" content=\"1 minute\" \/>\n<script type=\"application\/ld+json\" class=\"yoast-schema-graph\">{\"@context\":\"https:\\\/\\\/schema.org\",\"@graph\":[{\"@type\":\"WebPage\",\"@id\":\"https:\\\/\\\/www.marinasbrest.fr\\\/en\\\/all-events\\\/stage-navigation\\\/\",\"url\":\"https:\\\/\\\/www.marinasbrest.fr\\\/en\\\/all-events\\\/stage-navigation\\\/\",\"name\":\"STAGE \\\"NAVIGATION\\\" - Brest Marinas\",\"isPartOf\":{\"@id\":\"https:\\\/\\\/www.marinasbrest.fr\\\/en\\\/#website\"},\"datePublished\":\"2025-11-17T14:23:22+00:00\",\"dateModified\":\"2025-12-08T09:08:00+00:00\",\"breadcrumb\":{\"@id\":\"https:\\\/\\\/www.marinasbrest.fr\\\/en\\\/all-events\\\/stage-navigation\\\/#breadcrumb\"},\"inLanguage\":\"en-US\",\"potentialAction\":[{\"@type\":\"ReadAction\",\"target\":[\"https:\\\/\\\/www.marinasbrest.fr\\\/en\\\/all-events\\\/stage-navigation\\\/\"]}]},{\"@type\":\"BreadcrumbList\",\"@id\":\"https:\\\/\\\/www.marinasbrest.fr\\\/en\\\/all-events\\\/stage-navigation\\\/#breadcrumb\",\"itemListElement\":[{\"@type\":\"ListItem\",\"position\":1,\"name\":\"Accueil\",\"item\":\"https:\\\/\\\/www.marinasbrest.fr\\\/en\\\/\"},{\"@type\":\"ListItem\",\"position\":2,\"name\":\"STAGE \\\"NAVIGATION\\\"\"}]},{\"@type\":\"WebSite\",\"@id\":\"https:\\\/\\\/www.marinasbrest.fr\\\/en\\\/#website\",\"url\":\"https:\\\/\\\/www.marinasbrest.fr\\\/en\\\/\",\"name\":\"Brest Marinas\",\"description\":\"Deux marinas pour votre escale dans l&#039;une des plus belles rades du Monde\",\"publisher\":{\"@id\":\"https:\\\/\\\/www.marinasbrest.fr\\\/en\\\/#organization\"},\"potentialAction\":[{\"@type\":\"SearchAction\",\"target\":{\"@type\":\"EntryPoint\",\"urlTemplate\":\"https:\\\/\\\/www.marinasbrest.fr\\\/en\\\/?s={search_term_string}\"},\"query-input\":{\"@type\":\"PropertyValueSpecification\",\"valueRequired\":true,\"valueName\":\"search_term_string\"}}],\"inLanguage\":\"en-US\"},{\"@type\":\"Organization\",\"@id\":\"https:\\\/\\\/www.marinasbrest.fr\\\/en\\\/#organization\",\"name\":\"Les Marinas de Brest\",\"url\":\"https:\\\/\\\/www.marinasbrest.fr\\\/en\\\/\",\"logo\":{\"@type\":\"ImageObject\",\"inLanguage\":\"en-US\",\"@id\":\"https:\\\/\\\/www.marinasbrest.fr\\\/en\\\/#\\\/schema\\\/logo\\\/image\\\/\",\"url\":\"https:\\\/\\\/www.marinasbrest.fr\\\/wp-content\\\/uploads\\\/2021\\\/11\\\/logo.png\",\"contentUrl\":\"https:\\\/\\\/www.marinasbrest.fr\\\/wp-content\\\/uploads\\\/2021\\\/11\\\/logo.png\",\"width\":484,\"height\":484,\"caption\":\"Les Marinas de Brest\"},\"image\":{\"@id\":\"https:\\\/\\\/www.marinasbrest.fr\\\/en\\\/#\\\/schema\\\/logo\\\/image\\\/\"},\"sameAs\":[\"https:\\\/\\\/www.facebook.com\\\/marinasbrest\\\/\"]}]}<\/script>\n<!-- \/ Yoast SEO plugin. -->","yoast_head_json":{"title":"STAGE \"NAVIGATION\" - Brest Marinas","robots":{"index":"index","follow":"follow","max-snippet":"max-snippet:-1","max-image-preview":"max-image-preview:large","max-video-preview":"max-video-preview:-1"},"canonical":"https:\/\/www.marinasbrest.fr\/en\/all-events\/stage-navigation\/","og_locale":"en_US","og_type":"article","og_title":"STAGE \"NAVIGATION\" - Brest Marinas","og_url":"https:\/\/www.marinasbrest.fr\/en\/all-events\/stage-navigation\/","og_site_name":"Brest Marinas","article_publisher":"https:\/\/www.facebook.com\/marinasbrest\/","article_modified_time":"2025-12-08T09:08:00+00:00","twitter_card":"summary_large_image","twitter_misc":{"Est. reading time":"1 minute"},"schema":{"@context":"https:\/\/schema.org","@graph":[{"@type":"WebPage","@id":"https:\/\/www.marinasbrest.fr\/en\/all-events\/stage-navigation\/","url":"https:\/\/www.marinasbrest.fr\/en\/all-events\/stage-navigation\/","name":"STAGE \"NAVIGATION\" - Brest Marinas","isPartOf":{"@id":"https:\/\/www.marinasbrest.fr\/en\/#website"},"datePublished":"2025-11-17T14:23:22+00:00","dateModified":"2025-12-08T09:08:00+00:00","breadcrumb":{"@id":"https:\/\/www.marinasbrest.fr\/en\/all-events\/stage-navigation\/#breadcrumb"},"inLanguage":"en-US","potentialAction":[{"@type":"ReadAction","target":["https:\/\/www.marinasbrest.fr\/en\/all-events\/stage-navigation\/"]}]},{"@type":"BreadcrumbList","@id":"https:\/\/www.marinasbrest.fr\/en\/all-events\/stage-navigation\/#breadcrumb","itemListElement":[{"@type":"ListItem","position":1,"name":"Accueil","item":"https:\/\/www.marinasbrest.fr\/en\/"},{"@type":"ListItem","position":2,"name":"STAGE \"NAVIGATION\""}]},{"@type":"WebSite","@id":"https:\/\/www.marinasbrest.fr\/en\/#website","url":"https:\/\/www.marinasbrest.fr\/en\/","name":"Brest Marinas","description":"Deux marinas pour votre escale dans l&#039;une des plus belles rades du Monde","publisher":{"@id":"https:\/\/www.marinasbrest.fr\/en\/#organization"},"potentialAction":[{"@type":"SearchAction","target":{"@type":"EntryPoint","urlTemplate":"https:\/\/www.marinasbrest.fr\/en\/?s={search_term_string}"},"query-input":{"@type":"PropertyValueSpecification","valueRequired":true,"valueName":"search_term_string"}}],"inLanguage":"en-US"},{"@type":"Organization","@id":"https:\/\/www.marinasbrest.fr\/en\/#organization","name":"Les Marinas de Brest","url":"https:\/\/www.marinasbrest.fr\/en\/","logo":{"@type":"ImageObject","inLanguage":"en-US","@id":"https:\/\/www.marinasbrest.fr\/en\/#\/schema\/logo\/image\/","url":"https:\/\/www.marinasbrest.fr\/wp-content\/uploads\/2021\/11\/logo.png","contentUrl":"https:\/\/www.marinasbrest.fr\/wp-content\/uploads\/2021\/11\/logo.png","width":484,"height":484,"caption":"Les Marinas de Brest"},"image":{"@id":"https:\/\/www.marinasbrest.fr\/en\/#\/schema\/logo\/image\/"},"sameAs":["https:\/\/www.facebook.com\/marinasbrest\/"]}]}},"_links":{"self":[{"href":"https:\/\/www.marinasbrest.fr\/en\/wp-json\/wp\/v2\/cpt_evenements\/14677","targetHints":{"allow":["GET"]}}],"collection":[{"href":"https:\/\/www.marinasbrest.fr\/en\/wp-json\/wp\/v2\/cpt_evenements"}],"about":[{"href":"https:\/\/www.marinasbrest.fr\/en\/wp-json\/wp\/v2\/types\/cpt_evenements"}],"author":[{"embeddable":true,"href":"https:\/\/www.marinasbrest.fr\/en\/wp-json\/wp\/v2\/users\/6"}],"version-history":[{"count":3,"href":"https:\/\/www.marinasbrest.fr\/en\/wp-json\/wp\/v2\/cpt_evenements\/14677\/revisions"}],"predecessor-version":[{"id":14728,"href":"https:\/\/www.marinasbrest.fr\/en\/wp-json\/wp\/v2\/cpt_evenements\/14677\/revisions\/14728"}],"wp:attachment":[{"href":"https:\/\/www.marinasbrest.fr\/en\/wp-json\/wp\/v2\/media?parent=14677"}],"wp:term":[{"taxonomy":"taxo_tags_events","embeddable":true,"href":"https:\/\/www.marinasbrest.fr\/en\/wp-json\/wp\/v2\/taxo_tags_events?post=14677"}],"curies":[{"name":"wp","href":"https:\/\/api.w.org\/{rel}","templated":true}]}}

<p>Bonjour à tous,</p>



<p><br>Pour les personnes qui n'ont pu venir à la première session, L'Amicale vous propose un nouveau stage "NAVIGATION" <strong>le samedi 13 décembre</strong> prochain de 09h00 à 12h00 toujours Yves Garo à la barre. </p>



<p>Le formation est gratuite et réservée aux plaisanciers à jour de leur cotisation ainsi qu'aux co-équipiers/ières, Lecture de carte Marine et  routage, les nombreuses informations et symboles, marées, courants etc...</p>



<p><br>Pour les exercices, le support sera la carte Shom 7400. les outils : règle Cras, compas pointes sèches, crayon, gomme Inscrivez-vous sans tarder les places sont limitées à 8 personnes.<br>Dernier stage de l'année.</p>



<p><br>Joyeuses fêtes de fin d'année à tous<br>Amicalement<br>Georges Torillec</p>
