{"id":12840,"date":"2024-08-22T15:57:57","date_gmt":"2024-08-22T13:57:57","guid":{"rendered":"https:\/\/www.marinasbrest.fr\/?post_type=cpt_evenements&#038;p=12840"},"modified":"2024-08-22T15:59:25","modified_gmt":"2024-08-22T13:59:25","slug":"objectif-plancton-3","status":"publish","type":"cpt_evenements","link":"https:\/\/www.marinasbrest.fr\/en\/all-events\/objectif-plancton-3\/","title":{"rendered":"Objectif plancton"},"content":{"rendered":"\n<p>La prochaine collecte de plancton se d\u00e9roulera <strong>le samedi 7 septembre<\/strong>.<\/p>\n\n\n\n<p>Pour cela, Objectif Plancton recherche 17 bateaux (et plaisanciers\u00a0!) motiv\u00e9s pour aider \u00e0 \u00e9chantillonner aux \u00ab\u00a04 coins\u00a0\u00bb de la rade.<\/p>\n\n\n\n<p>L'\u00e9quipe d'Objectif Plancton propose aussi aux plaisanciers, dans la mesure des disponibilit\u00e9s, d\u2019embarquer des \u00e9tudiants (ou \u00e9quipiers) int\u00e9ress\u00e9s par l\u2019op\u00e9ration Objectif plancton pour aider aux manipulations, pour naviguer, pour \u00e9changer autour de cet apr\u00e8s-midi de collecte.<\/p>\n\n\n\n<p>Les \u00e9tapes cl\u00e9s&nbsp;:<\/p>\n\n\n\n<p>Distribution des kits\u00a0<strong>le vendredi 6 septembre<\/strong>,\u00a0\u00e0 l\u2019Association des plaisanciers (APMB) , de 15h30 \u00e0 17h30<\/p>\n\n\n\n<p>Le samedi\u00a0<strong>7 septembre<\/strong>\u00a0:<\/p>\n\n\n\n<ul class=\"wp-block-list\">\n<li>13h\u00a0: pr\u00e9l\u00e8vement, \u00e9chantillonnage au point de pr\u00e9l\u00e8vement attribu\u00e9<\/li>\n\n\n\n<li>Avant 16h\u00a0: retour des \u00e9chantillons et du mat\u00e9riel \u00e0 l\u2019APMB<\/li>\n<\/ul>\n\n\n\n<p>Pour participer, pensez \u00e0&nbsp;<strong>vous inscrire<\/strong>&nbsp;sur le mail suivant&nbsp;:&nbsp;<a href=\"mailto:objectifplancton@oceanopolis.com\">objectifplancton@oceanopolis.com<\/a><\/p>\n","protected":false},"excerpt":{"rendered":"","protected":false},"author":4,"featured_media":9454,"parent":0,"template":"","taxo_tags_events":[52],"class_list":["post-12840","cpt_evenements","type-cpt_evenements","status-publish","has-post-thumbnail","hentry"],"acf":[],"yoast_head":"<!-- This site is optimized with the Yoast SEO plugin v27.4 - https:\/\/yoast.com\/product\/yoast-seo-wordpress\/ -->\n<title>Objectif plancton - Brest Marinas<\/title>\n<meta name=\"description\" content=\"L&#039;\u00e9quipe d&#039;Objectif Plancton recherche des plaisanciers pour les aider dans la collecte du plancton. Inscrivez-vous !\" \/>\n<meta name=\"robots\" content=\"index, follow, max-snippet:-1, max-image-preview:large, max-video-preview:-1\" \/>\n<link rel=\"canonical\" href=\"https:\/\/www.marinasbrest.fr\/en\/all-events\/objectif-plancton-3\/\" \/>\n<meta property=\"og:locale\" content=\"en_US\" \/>\n<meta property=\"og:type\" content=\"article\" \/>\n<meta property=\"og:title\" content=\"Objectif plancton - Brest Marinas\" \/>\n<meta property=\"og:description\" content=\"L&#039;\u00e9quipe d&#039;Objectif Plancton recherche des plaisanciers pour les aider dans la collecte du plancton. Inscrivez-vous !\" \/>\n<meta property=\"og:url\" content=\"https:\/\/www.marinasbrest.fr\/en\/all-events\/objectif-plancton-3\/\" \/>\n<meta property=\"og:site_name\" content=\"Brest Marinas\" \/>\n<meta property=\"article:publisher\" content=\"https:\/\/www.facebook.com\/marinasbrest\/\" \/>\n<meta property=\"article:modified_time\" content=\"2024-08-22T13:59:25+00:00\" \/>\n<meta property=\"og:image\" content=\"https:\/\/www.marinasbrest.fr\/wp-content\/uploads\/2023\/04\/Capture-8.png\" \/>\n\t<meta property=\"og:image:width\" content=\"342\" \/>\n\t<meta property=\"og:image:height\" content=\"147\" \/>\n\t<meta property=\"og:image:type\" content=\"image\/png\" \/>\n<meta name=\"twitter:card\" content=\"summary_large_image\" \/>\n<meta name=\"twitter:label1\" content=\"Est. reading time\" \/>\n\t<meta name=\"twitter:data1\" content=\"1 minute\" \/>\n<script type=\"application\/ld+json\" class=\"yoast-schema-graph\">{\"@context\":\"https:\\\/\\\/schema.org\",\"@graph\":[{\"@type\":\"WebPage\",\"@id\":\"https:\\\/\\\/www.marinasbrest.fr\\\/en\\\/all-events\\\/objectif-plancton-3\\\/\",\"url\":\"https:\\\/\\\/www.marinasbrest.fr\\\/en\\\/all-events\\\/objectif-plancton-3\\\/\",\"name\":\"Objectif plancton - Brest Marinas\",\"isPartOf\":{\"@id\":\"https:\\\/\\\/www.marinasbrest.fr\\\/en\\\/#website\"},\"primaryImageOfPage\":{\"@id\":\"https:\\\/\\\/www.marinasbrest.fr\\\/en\\\/all-events\\\/objectif-plancton-3\\\/#primaryimage\"},\"image\":{\"@id\":\"https:\\\/\\\/www.marinasbrest.fr\\\/en\\\/all-events\\\/objectif-plancton-3\\\/#primaryimage\"},\"thumbnailUrl\":\"https:\\\/\\\/www.marinasbrest.fr\\\/wp-content\\\/uploads\\\/2023\\\/04\\\/Capture-8.png\",\"datePublished\":\"2024-08-22T13:57:57+00:00\",\"dateModified\":\"2024-08-22T13:59:25+00:00\",\"description\":\"L'\u00e9quipe d'Objectif Plancton recherche des plaisanciers pour les aider dans la collecte du plancton. Inscrivez-vous !\",\"breadcrumb\":{\"@id\":\"https:\\\/\\\/www.marinasbrest.fr\\\/en\\\/all-events\\\/objectif-plancton-3\\\/#breadcrumb\"},\"inLanguage\":\"en-US\",\"potentialAction\":[{\"@type\":\"ReadAction\",\"target\":[\"https:\\\/\\\/www.marinasbrest.fr\\\/en\\\/all-events\\\/objectif-plancton-3\\\/\"]}]},{\"@type\":\"ImageObject\",\"inLanguage\":\"en-US\",\"@id\":\"https:\\\/\\\/www.marinasbrest.fr\\\/en\\\/all-events\\\/objectif-plancton-3\\\/#primaryimage\",\"url\":\"https:\\\/\\\/www.marinasbrest.fr\\\/wp-content\\\/uploads\\\/2023\\\/04\\\/Capture-8.png\",\"contentUrl\":\"https:\\\/\\\/www.marinasbrest.fr\\\/wp-content\\\/uploads\\\/2023\\\/04\\\/Capture-8.png\",\"width\":342,\"height\":147},{\"@type\":\"BreadcrumbList\",\"@id\":\"https:\\\/\\\/www.marinasbrest.fr\\\/en\\\/all-events\\\/objectif-plancton-3\\\/#breadcrumb\",\"itemListElement\":[{\"@type\":\"ListItem\",\"position\":1,\"name\":\"Accueil\",\"item\":\"https:\\\/\\\/www.marinasbrest.fr\\\/en\\\/\"},{\"@type\":\"ListItem\",\"position\":2,\"name\":\"Objectif plancton\"}]},{\"@type\":\"WebSite\",\"@id\":\"https:\\\/\\\/www.marinasbrest.fr\\\/en\\\/#website\",\"url\":\"https:\\\/\\\/www.marinasbrest.fr\\\/en\\\/\",\"name\":\"Brest Marinas\",\"description\":\"Deux marinas pour votre escale dans l&#039;une des plus belles rades du Monde\",\"publisher\":{\"@id\":\"https:\\\/\\\/www.marinasbrest.fr\\\/en\\\/#organization\"},\"potentialAction\":[{\"@type\":\"SearchAction\",\"target\":{\"@type\":\"EntryPoint\",\"urlTemplate\":\"https:\\\/\\\/www.marinasbrest.fr\\\/en\\\/?s={search_term_string}\"},\"query-input\":{\"@type\":\"PropertyValueSpecification\",\"valueRequired\":true,\"valueName\":\"search_term_string\"}}],\"inLanguage\":\"en-US\"},{\"@type\":\"Organization\",\"@id\":\"https:\\\/\\\/www.marinasbrest.fr\\\/en\\\/#organization\",\"name\":\"Les Marinas de Brest\",\"url\":\"https:\\\/\\\/www.marinasbrest.fr\\\/en\\\/\",\"logo\":{\"@type\":\"ImageObject\",\"inLanguage\":\"en-US\",\"@id\":\"https:\\\/\\\/www.marinasbrest.fr\\\/en\\\/#\\\/schema\\\/logo\\\/image\\\/\",\"url\":\"https:\\\/\\\/www.marinasbrest.fr\\\/wp-content\\\/uploads\\\/2021\\\/11\\\/logo.png\",\"contentUrl\":\"https:\\\/\\\/www.marinasbrest.fr\\\/wp-content\\\/uploads\\\/2021\\\/11\\\/logo.png\",\"width\":484,\"height\":484,\"caption\":\"Les Marinas de Brest\"},\"image\":{\"@id\":\"https:\\\/\\\/www.marinasbrest.fr\\\/en\\\/#\\\/schema\\\/logo\\\/image\\\/\"},\"sameAs\":[\"https:\\\/\\\/www.facebook.com\\\/marinasbrest\\\/\"]}]}<\/script>\n<!-- \/ Yoast SEO plugin. -->","yoast_head_json":{"title":"Objectif plancton - Brest Marinas","description":"L'\u00e9quipe d'Objectif Plancton recherche des plaisanciers pour les aider dans la collecte du plancton. Inscrivez-vous !","robots":{"index":"index","follow":"follow","max-snippet":"max-snippet:-1","max-image-preview":"max-image-preview:large","max-video-preview":"max-video-preview:-1"},"canonical":"https:\/\/www.marinasbrest.fr\/en\/all-events\/objectif-plancton-3\/","og_locale":"en_US","og_type":"article","og_title":"Objectif plancton - Brest Marinas","og_description":"L'\u00e9quipe d'Objectif Plancton recherche des plaisanciers pour les aider dans la collecte du plancton. Inscrivez-vous !","og_url":"https:\/\/www.marinasbrest.fr\/en\/all-events\/objectif-plancton-3\/","og_site_name":"Brest Marinas","article_publisher":"https:\/\/www.facebook.com\/marinasbrest\/","article_modified_time":"2024-08-22T13:59:25+00:00","og_image":[{"width":342,"height":147,"url":"https:\/\/www.marinasbrest.fr\/wp-content\/uploads\/2023\/04\/Capture-8.png","type":"image\/png"}],"twitter_card":"summary_large_image","twitter_misc":{"Est. reading time":"1 minute"},"schema":{"@context":"https:\/\/schema.org","@graph":[{"@type":"WebPage","@id":"https:\/\/www.marinasbrest.fr\/en\/all-events\/objectif-plancton-3\/","url":"https:\/\/www.marinasbrest.fr\/en\/all-events\/objectif-plancton-3\/","name":"Objectif plancton - Brest Marinas","isPartOf":{"@id":"https:\/\/www.marinasbrest.fr\/en\/#website"},"primaryImageOfPage":{"@id":"https:\/\/www.marinasbrest.fr\/en\/all-events\/objectif-plancton-3\/#primaryimage"},"image":{"@id":"https:\/\/www.marinasbrest.fr\/en\/all-events\/objectif-plancton-3\/#primaryimage"},"thumbnailUrl":"https:\/\/www.marinasbrest.fr\/wp-content\/uploads\/2023\/04\/Capture-8.png","datePublished":"2024-08-22T13:57:57+00:00","dateModified":"2024-08-22T13:59:25+00:00","description":"L'\u00e9quipe d'Objectif Plancton recherche des plaisanciers pour les aider dans la collecte du plancton. Inscrivez-vous !","breadcrumb":{"@id":"https:\/\/www.marinasbrest.fr\/en\/all-events\/objectif-plancton-3\/#breadcrumb"},"inLanguage":"en-US","potentialAction":[{"@type":"ReadAction","target":["https:\/\/www.marinasbrest.fr\/en\/all-events\/objectif-plancton-3\/"]}]},{"@type":"ImageObject","inLanguage":"en-US","@id":"https:\/\/www.marinasbrest.fr\/en\/all-events\/objectif-plancton-3\/#primaryimage","url":"https:\/\/www.marinasbrest.fr\/wp-content\/uploads\/2023\/04\/Capture-8.png","contentUrl":"https:\/\/www.marinasbrest.fr\/wp-content\/uploads\/2023\/04\/Capture-8.png","width":342,"height":147},{"@type":"BreadcrumbList","@id":"https:\/\/www.marinasbrest.fr\/en\/all-events\/objectif-plancton-3\/#breadcrumb","itemListElement":[{"@type":"ListItem","position":1,"name":"Accueil","item":"https:\/\/www.marinasbrest.fr\/en\/"},{"@type":"ListItem","position":2,"name":"Objectif plancton"}]},{"@type":"WebSite","@id":"https:\/\/www.marinasbrest.fr\/en\/#website","url":"https:\/\/www.marinasbrest.fr\/en\/","name":"Brest Marinas","description":"Deux marinas pour votre escale dans l&#039;une des plus belles rades du Monde","publisher":{"@id":"https:\/\/www.marinasbrest.fr\/en\/#organization"},"potentialAction":[{"@type":"SearchAction","target":{"@type":"EntryPoint","urlTemplate":"https:\/\/www.marinasbrest.fr\/en\/?s={search_term_string}"},"query-input":{"@type":"PropertyValueSpecification","valueRequired":true,"valueName":"search_term_string"}}],"inLanguage":"en-US"},{"@type":"Organization","@id":"https:\/\/www.marinasbrest.fr\/en\/#organization","name":"Les Marinas de Brest","url":"https:\/\/www.marinasbrest.fr\/en\/","logo":{"@type":"ImageObject","inLanguage":"en-US","@id":"https:\/\/www.marinasbrest.fr\/en\/#\/schema\/logo\/image\/","url":"https:\/\/www.marinasbrest.fr\/wp-content\/uploads\/2021\/11\/logo.png","contentUrl":"https:\/\/www.marinasbrest.fr\/wp-content\/uploads\/2021\/11\/logo.png","width":484,"height":484,"caption":"Les Marinas de Brest"},"image":{"@id":"https:\/\/www.marinasbrest.fr\/en\/#\/schema\/logo\/image\/"},"sameAs":["https:\/\/www.facebook.com\/marinasbrest\/"]}]}},"_links":{"self":[{"href":"https:\/\/www.marinasbrest.fr\/en\/wp-json\/wp\/v2\/cpt_evenements\/12840","targetHints":{"allow":["GET"]}}],"collection":[{"href":"https:\/\/www.marinasbrest.fr\/en\/wp-json\/wp\/v2\/cpt_evenements"}],"about":[{"href":"https:\/\/www.marinasbrest.fr\/en\/wp-json\/wp\/v2\/types\/cpt_evenements"}],"author":[{"embeddable":true,"href":"https:\/\/www.marinasbrest.fr\/en\/wp-json\/wp\/v2\/users\/4"}],"version-history":[{"count":1,"href":"https:\/\/www.marinasbrest.fr\/en\/wp-json\/wp\/v2\/cpt_evenements\/12840\/revisions"}],"predecessor-version":[{"id":12841,"href":"https:\/\/www.marinasbrest.fr\/en\/wp-json\/wp\/v2\/cpt_evenements\/12840\/revisions\/12841"}],"wp:featuredmedia":[{"embeddable":true,"href":"https:\/\/www.marinasbrest.fr\/en\/wp-json\/wp\/v2\/media\/9454"}],"wp:attachment":[{"href":"https:\/\/www.marinasbrest.fr\/en\/wp-json\/wp\/v2\/media?parent=12840"}],"wp:term":[{"taxonomy":"taxo_tags_events","embeddable":true,"href":"https:\/\/www.marinasbrest.fr\/en\/wp-json\/wp\/v2\/taxo_tags_events?post=12840"}],"curies":[{"name":"wp","href":"https:\/\/api.w.org\/{rel}","templated":true}]}}

<p>La prochaine collecte de plancton se déroulera <strong>le samedi 7 septembre</strong>.</p>



<p>Pour cela, Objectif Plancton recherche 17 bateaux (et plaisanciers !) motivés pour aider à échantillonner aux « 4 coins » de la rade.</p>



<p>L'équipe d'Objectif Plancton propose aussi aux plaisanciers, dans la mesure des disponibilités, d’embarquer des étudiants (ou équipiers) intéressés par l’opération Objectif plancton pour aider aux manipulations, pour naviguer, pour échanger autour de cet après-midi de collecte.</p>



<p>Les étapes clés&nbsp;:</p>



<p>Distribution des kits <strong>le vendredi 6 septembre</strong>, à l’Association des plaisanciers (APMB) , de 15h30 à 17h30</p>



<p>Le samedi <strong>7 septembre</strong> :</p>



<ul class="wp-block-list">
<li>13h : prélèvement, échantillonnage au point de prélèvement attribué</li>



<li>Avant 16h : retour des échantillons et du matériel à l’APMB</li>
</ul>



<p>Pour participer, pensez à&nbsp;<strong>vous inscrire</strong>&nbsp;sur le mail suivant&nbsp;:&nbsp;<a href="mailto:objectifplancton@oceanopolis.com">objectifplancton@oceanopolis.com</a></p>

<!-- This site is optimized with the Yoast SEO plugin v27.4 - https://yoast.com/product/yoast-seo-wordpress/ -->
<title>Objectif plancton - Brest Marinas</title>
<meta name="description" content="L&#039;équipe d&#039;Objectif Plancton recherche des plaisanciers pour les aider dans la collecte du plancton. Inscrivez-vous !" />
<meta name="robots" content="index, follow, max-snippet:-1, max-image-preview:large, max-video-preview:-1" />
<link rel="canonical" href="https://www.marinasbrest.fr/en/all-events/objectif-plancton-3/" />
<meta property="og:locale" content="en_US" />
<meta property="og:type" content="article" />
<meta property="og:title" content="Objectif plancton - Brest Marinas" />
<meta property="og:description" content="L&#039;équipe d&#039;Objectif Plancton recherche des plaisanciers pour les aider dans la collecte du plancton. Inscrivez-vous !" />
<meta property="og:url" content="https://www.marinasbrest.fr/en/all-events/objectif-plancton-3/" />
<meta property="og:site_name" content="Brest Marinas" />
<meta property="article:publisher" content="https://www.facebook.com/marinasbrest/" />
<meta property="article:modified_time" content="2024-08-22T13:59:25+00:00" />
<meta property="og:image" content="https://www.marinasbrest.fr/wp-content/uploads/2023/04/Capture-8.png" />
	<meta property="og:image:width" content="342" />
	<meta property="og:image:height" content="147" />
	<meta property="og:image:type" content="image/png" />
<meta name="twitter:card" content="summary_large_image" />
<meta name="twitter:label1" content="Est. reading time" />
	<meta name="twitter:data1" content="1 minute" />
<script type="application/ld+json" class="yoast-schema-graph">{"@context":"https:\/\/schema.org","@graph":[{"@type":"WebPage","@id":"https:\/\/www.marinasbrest.fr\/en\/all-events\/objectif-plancton-3\/","url":"https:\/\/www.marinasbrest.fr\/en\/all-events\/objectif-plancton-3\/","name":"Objectif plancton - Brest Marinas","isPartOf":{"@id":"https:\/\/www.marinasbrest.fr\/en\/#website"},"primaryImageOfPage":{"@id":"https:\/\/www.marinasbrest.fr\/en\/all-events\/objectif-plancton-3\/#primaryimage"},"image":{"@id":"https:\/\/www.marinasbrest.fr\/en\/all-events\/objectif-plancton-3\/#primaryimage"},"thumbnailUrl":"https:\/\/www.marinasbrest.fr\/wp-content\/uploads\/2023\/04\/Capture-8.png","datePublished":"2024-08-22T13:57:57+00:00","dateModified":"2024-08-22T13:59:25+00:00","description":"L'équipe d'Objectif Plancton recherche des plaisanciers pour les aider dans la collecte du plancton. Inscrivez-vous !","breadcrumb":{"@id":"https:\/\/www.marinasbrest.fr\/en\/all-events\/objectif-plancton-3\/#breadcrumb"},"inLanguage":"en-US","potentialAction":[{"@type":"ReadAction","target":["https:\/\/www.marinasbrest.fr\/en\/all-events\/objectif-plancton-3\/"]}]},{"@type":"ImageObject","inLanguage":"en-US","@id":"https:\/\/www.marinasbrest.fr\/en\/all-events\/objectif-plancton-3\/#primaryimage","url":"https:\/\/www.marinasbrest.fr\/wp-content\/uploads\/2023\/04\/Capture-8.png","contentUrl":"https:\/\/www.marinasbrest.fr\/wp-content\/uploads\/2023\/04\/Capture-8.png","width":342,"height":147},{"@type":"BreadcrumbList","@id":"https:\/\/www.marinasbrest.fr\/en\/all-events\/objectif-plancton-3\/#breadcrumb","itemListElement":[{"@type":"ListItem","position":1,"name":"Accueil","item":"https:\/\/www.marinasbrest.fr\/en\/"},{"@type":"ListItem","position":2,"name":"Objectif plancton"}]},{"@type":"WebSite","@id":"https:\/\/www.marinasbrest.fr\/en\/#website","url":"https:\/\/www.marinasbrest.fr\/en\/","name":"Brest Marinas","description":"Deux marinas pour votre escale dans l&#039;une des plus belles rades du Monde","publisher":{"@id":"https:\/\/www.marinasbrest.fr\/en\/#organization"},"potentialAction":[{"@type":"SearchAction","target":{"@type":"EntryPoint","urlTemplate":"https:\/\/www.marinasbrest.fr\/en\/?s={search_term_string}"},"query-input":{"@type":"PropertyValueSpecification","valueRequired":true,"valueName":"search_term_string"}}],"inLanguage":"en-US"},{"@type":"Organization","@id":"https:\/\/www.marinasbrest.fr\/en\/#organization","name":"Les Marinas de Brest","url":"https:\/\/www.marinasbrest.fr\/en\/","logo":{"@type":"ImageObject","inLanguage":"en-US","@id":"https:\/\/www.marinasbrest.fr\/en\/#\/schema\/logo\/image\/","url":"https:\/\/www.marinasbrest.fr\/wp-content\/uploads\/2021\/11\/logo.png","contentUrl":"https:\/\/www.marinasbrest.fr\/wp-content\/uploads\/2021\/11\/logo.png","width":484,"height":484,"caption":"Les Marinas de Brest"},"image":{"@id":"https:\/\/www.marinasbrest.fr\/en\/#\/schema\/logo\/image\/"},"sameAs":["https:\/\/www.facebook.com\/marinasbrest\/"]}]}</script>
<!-- / Yoast SEO plugin. -->

L'équipe d'Objectif Plancton recherche des plaisanciers pour les aider dans la collecte du plancton. Inscrivez-vous !
